{"id":31105,"date":"2021-06-03T16:29:45","date_gmt":"2021-06-03T14:29:45","guid":{"rendered":"https:\/\/www.dimann.com\/persona\/federica-2\/"},"modified":"2024-05-14T16:32:41","modified_gmt":"2024-05-14T14:32:41","slug":"federica","status":"publish","type":"persona","link":"https:\/\/www.dimann.com\/de\/person\/federica\/","title":{"rendered":"Federicas Weg mit Mannose bei Blasenentz\u00fcndung"},"content":{"rendered":"<p class=\"p1\"><span class=\"s1\">Alles begann, als meine Tochter Federica mir sagte: &#8222;Ich will nicht mehr pinkeln&#8220;. So wurde sein Kampf auch der meine. <\/span><\/p>\n<p>&nbsp;<\/p>\n<p class=\"p1\"><span class=\"s1\">Nach jahrelanger Blasenentz\u00fcndung, die mit Antibiotika behandelt wurde, habe ich Mannose ausprobiert. Ich habe mehrere Produkte gekauft, aber nur durch den direkten Kontakt mit den Dimann-M\u00e4dchen, \u00fcber Facebook, und den Rat des Kinderarztes, konnte mir gefolgt und geholfen werden. <\/span><\/p>\n<p>&nbsp;<\/p>\n<p class=\"p1\"><span class=\"s1\">Federica nimmt Dimann Puro Baby, sie f\u00fchlt sich wohl damit und ist seitdem nicht mehr dazu gekommen, diese alptraumhaften Worte zu wiederholen. Die Blasenentz\u00fcndung k\u00f6nnte sie ein Leben lang begleiten, aber jetzt hat sie einen zus\u00e4tzlichen Freund an ihrer Seite. Ich beziehe mein Zubeh\u00f6r aus dem offiziellen NaturaDiretta-Shop.<\/span><\/p>\n","protected":false},"excerpt":{"rendered":"<p>Bakterielle Blasenentz\u00fcndung<\/p>\n","protected":false},"featured_media":41194,"template":"","categories":[492],"storia":[],"class_list":["post-31105","persona","type-persona","status-publish","has-post-thumbnail","hentry","category-alle-geschichten"],"acf":[],"yoast_head":"<!-- This site is optimized with the Yoast SEO plugin v27.5 - https:\/\/yoast.com\/product\/yoast-seo-wordpress\/ -->\n<title>Federica: Blasenentz\u00fcndung im Kindesalter<\/title>\n<meta name=\"description\" content=\"Federica ist ein kleines M\u00e4dchen und leidet an einer bakteriellen Blasenentz\u00fcndung. Das Dimann Puro Baby hilft ihr dabei sehr.\" \/>\n<meta name=\"robots\" content=\"index, follow, max-snippet:-1, max-image-preview:large, max-video-preview:-1\" \/>\n<link rel=\"canonical\" href=\"https:\/\/www.dimann.com\/de\/person\/federica\/\" \/>\n<meta property=\"og:locale\" content=\"de_DE\" \/>\n<meta property=\"og:type\" content=\"article\" \/>\n<meta property=\"og:title\" content=\"Federica: Blasenentz\u00fcndung im Kindesalter\" \/>\n<meta property=\"og:description\" content=\"Federica ist ein kleines M\u00e4dchen und leidet an einer bakteriellen Blasenentz\u00fcndung. Das Dimann Puro Baby hilft ihr dabei sehr.\" \/>\n<meta property=\"og:url\" content=\"https:\/\/www.dimann.com\/de\/person\/federica\/\" \/>\n<meta property=\"og:site_name\" content=\"Dimann\" \/>\n<meta property=\"article:publisher\" content=\"https:\/\/www.facebook.com\/pg\/Dimann.cistite\/posts\/\" \/>\n<meta property=\"article:modified_time\" content=\"2024-05-14T14:32:41+00:00\" \/>\n<meta property=\"og:image\" content=\"https:\/\/www.dimann.com\/wp-content\/uploads\/2021\/06\/DEU-7.jpg\" \/>\n\t<meta property=\"og:image:width\" content=\"300\" \/>\n\t<meta property=\"og:image:height\" content=\"300\" \/>\n\t<meta property=\"og:image:type\" content=\"image\/jpeg\" \/>\n<meta name=\"twitter:card\" content=\"summary_large_image\" \/>\n<meta name=\"twitter:label1\" content=\"Gesch\u00e4tzte Lesezeit\" \/>\n\t<meta name=\"twitter:data1\" content=\"1\u00a0Minute\" \/>\n<!-- \/ Yoast SEO plugin. -->","yoast_head_json":{"title":"Federica: Blasenentz\u00fcndung im Kindesalter","description":"Federica ist ein kleines M\u00e4dchen und leidet an einer bakteriellen Blasenentz\u00fcndung. Das Dimann Puro Baby hilft ihr dabei sehr.","robots":{"index":"index","follow":"follow","max-snippet":"max-snippet:-1","max-image-preview":"max-image-preview:large","max-video-preview":"max-video-preview:-1"},"canonical":"https:\/\/www.dimann.com\/de\/person\/federica\/","og_locale":"de_DE","og_type":"article","og_title":"Federica: Blasenentz\u00fcndung im Kindesalter","og_description":"Federica ist ein kleines M\u00e4dchen und leidet an einer bakteriellen Blasenentz\u00fcndung. Das Dimann Puro Baby hilft ihr dabei sehr.","og_url":"https:\/\/www.dimann.com\/de\/person\/federica\/","og_site_name":"Dimann","article_publisher":"https:\/\/www.facebook.com\/pg\/Dimann.cistite\/posts\/","article_modified_time":"2024-05-14T14:32:41+00:00","og_image":[{"width":300,"height":300,"url":"https:\/\/www.dimann.com\/wp-content\/uploads\/2021\/06\/DEU-7.jpg","type":"image\/jpeg"}],"twitter_card":"summary_large_image","twitter_misc":{"Gesch\u00e4tzte Lesezeit":"1\u00a0Minute"},"schema":{"@context":"https:\/\/schema.org","@graph":[{"@type":"WebPage","@id":"https:\/\/www.dimann.com\/de\/person\/federica\/","url":"https:\/\/www.dimann.com\/de\/person\/federica\/","name":"Federica: Blasenentz\u00fcndung im Kindesalter","isPartOf":{"@id":"https:\/\/www.dimann.com\/de\/#website"},"primaryImageOfPage":{"@id":"https:\/\/www.dimann.com\/de\/person\/federica\/#primaryimage"},"image":{"@id":"https:\/\/www.dimann.com\/de\/person\/federica\/#primaryimage"},"thumbnailUrl":"https:\/\/www.dimann.com\/wp-content\/uploads\/2021\/06\/DEU-7.jpg","datePublished":"2021-06-03T14:29:45+00:00","dateModified":"2024-05-14T14:32:41+00:00","description":"Federica ist ein kleines M\u00e4dchen und leidet an einer bakteriellen Blasenentz\u00fcndung. Das Dimann Puro Baby hilft ihr dabei sehr.","breadcrumb":{"@id":"https:\/\/www.dimann.com\/de\/person\/federica\/#breadcrumb"},"inLanguage":"de","potentialAction":[{"@type":"ReadAction","target":["https:\/\/www.dimann.com\/de\/person\/federica\/"]}]},{"@type":"ImageObject","inLanguage":"de","@id":"https:\/\/www.dimann.com\/de\/person\/federica\/#primaryimage","url":"https:\/\/www.dimann.com\/wp-content\/uploads\/2021\/06\/DEU-7.jpg","contentUrl":"https:\/\/www.dimann.com\/wp-content\/uploads\/2021\/06\/DEU-7.jpg","width":300,"height":300,"caption":"Zeugnis von Federica - Bakterielle Blasenentz\u00fcndung"},{"@type":"BreadcrumbList","@id":"https:\/\/www.dimann.com\/de\/person\/federica\/#breadcrumb","itemListElement":[{"@type":"ListItem","position":1,"name":"Storie","item":"https:\/\/www.dimann.com\/de\/person\/"},{"@type":"ListItem","position":2,"name":"Alle Geschichten","item":"https:\/\/www.dimann.com\/de\/alle-geschichten\/"},{"@type":"ListItem","position":3,"name":"Federica"}]},{"@type":"WebSite","@id":"https:\/\/www.dimann.com\/de\/#website","url":"https:\/\/www.dimann.com\/de\/","name":"Dimann","description":"","publisher":{"@id":"https:\/\/www.dimann.com\/de\/#organization"},"potentialAction":[{"@type":"SearchAction","target":{"@type":"EntryPoint","urlTemplate":"https:\/\/www.dimann.com\/de\/?s={search_term_string}"},"query-input":{"@type":"PropertyValueSpecification","valueRequired":true,"valueName":"search_term_string"}}],"inLanguage":"de"},{"@type":"Organization","@id":"https:\/\/www.dimann.com\/de\/#organization","name":"Dimann","url":"https:\/\/www.dimann.com\/de\/","logo":{"@type":"ImageObject","inLanguage":"de","@id":"https:\/\/www.dimann.com\/de\/#\/schema\/logo\/image\/","url":"https:\/\/www.dimann.com\/wp-content\/uploads\/2019\/07\/logo.svg","contentUrl":"https:\/\/www.dimann.com\/wp-content\/uploads\/2019\/07\/logo.svg","width":1,"height":1,"caption":"Dimann"},"image":{"@id":"https:\/\/www.dimann.com\/de\/#\/schema\/logo\/image\/"},"sameAs":["https:\/\/www.facebook.com\/pg\/Dimann.cistite\/posts\/","https:\/\/www.instagram.com\/dimann_official\/"]}]}},"_links":{"self":[{"href":"https:\/\/www.dimann.com\/de\/wp-json\/wp\/v2\/persona\/31105","targetHints":{"allow":["GET"]}}],"collection":[{"href":"https:\/\/www.dimann.com\/de\/wp-json\/wp\/v2\/persona"}],"about":[{"href":"https:\/\/www.dimann.com\/de\/wp-json\/wp\/v2\/types\/persona"}],"wp:featuredmedia":[{"embeddable":true,"href":"https:\/\/www.dimann.com\/de\/wp-json\/wp\/v2\/media\/41194"}],"wp:attachment":[{"href":"https:\/\/www.dimann.com\/de\/wp-json\/wp\/v2\/media?parent=31105"}],"wp:term":[{"taxonomy":"category","embeddable":true,"href":"https:\/\/www.dimann.com\/de\/wp-json\/wp\/v2\/categories?post=31105"},{"taxonomy":"storia","embeddable":true,"href":"https:\/\/www.dimann.com\/de\/wp-json\/wp\/v2\/storia?post=31105"}],"curies":[{"name":"wp","href":"https:\/\/api.w.org\/{rel}","templated":true}]}}

Federicas Weg mit Mannose bei Blasenentzündung

<p class="p1"><span class="s1">Alles begann, als meine Tochter Federica mir sagte: &#8222;Ich will nicht mehr pinkeln&#8220;. So wurde sein Kampf auch der meine. </span></p>
<p>&nbsp;</p>
<p class="p1"><span class="s1">Nach jahrelanger Blasenentzündung, die mit Antibiotika behandelt wurde, habe ich Mannose ausprobiert. Ich habe mehrere Produkte gekauft, aber nur durch den direkten Kontakt mit den Dimann-Mädchen, über Facebook, und den Rat des Kinderarztes, konnte mir gefolgt und geholfen werden. </span></p>
<p>&nbsp;</p>
<p class="p1"><span class="s1">Federica nimmt Dimann Puro Baby, sie fühlt sich wohl damit und ist seitdem nicht mehr dazu gekommen, diese alptraumhaften Worte zu wiederholen. Die Blasenentzündung könnte sie ein Leben lang begleiten, aber jetzt hat sie einen zusätzlichen Freund an ihrer Seite. Ich beziehe mein Zubehör aus dem offiziellen NaturaDiretta-Shop.</span></p>

<p>Bakterielle Blasenentzündung</p>

<!-- This site is optimized with the Yoast SEO plugin v27.5 - https://yoast.com/product/yoast-seo-wordpress/ -->
<title>Federica: Blasenentzündung im Kindesalter</title>
<meta name="description" content="Federica ist ein kleines Mädchen und leidet an einer bakteriellen Blasenentzündung. Das Dimann Puro Baby hilft ihr dabei sehr." />
<meta name="robots" content="index, follow, max-snippet:-1, max-image-preview:large, max-video-preview:-1" />
<link rel="canonical" href="https://www.dimann.com/de/person/federica/" />
<meta property="og:locale" content="de_DE" />
<meta property="og:type" content="article" />
<meta property="og:title" content="Federica: Blasenentzündung im Kindesalter" />
<meta property="og:description" content="Federica ist ein kleines Mädchen und leidet an einer bakteriellen Blasenentzündung. Das Dimann Puro Baby hilft ihr dabei sehr." />
<meta property="og:url" content="https://www.dimann.com/de/person/federica/" />
<meta property="og:site_name" content="Dimann" />
<meta property="article:publisher" content="https://www.facebook.com/pg/Dimann.cistite/posts/" />
<meta property="article:modified_time" content="2024-05-14T14:32:41+00:00" />
<meta property="og:image" content="https://www.dimann.com/wp-content/uploads/2021/06/DEU-7.jpg" />
	<meta property="og:image:width" content="300" />
	<meta property="og:image:height" content="300" />
	<meta property="og:image:type" content="image/jpeg" />
<meta name="twitter:card" content="summary_large_image" />
<meta name="twitter:label1" content="Geschätzte Lesezeit" />
	<meta name="twitter:data1" content="1 Minute" />
<!-- / Yoast SEO plugin. -->

Federica: Blasenentzündung im Kindesalter

Federica ist ein kleines Mädchen und leidet an einer bakteriellen Blasenentzündung. Das Dimann Puro Baby hilft ihr dabei sehr.

Zeugnis von Federica - Bakterielle Blasenentzündung
