{"id":39827,"date":"2024-04-17T17:14:21","date_gmt":"2024-04-17T15:14:21","guid":{"rendered":"https:\/\/www.dimann.com\/persona\/martina-ruckblick-dimann\/"},"modified":"2024-05-14T16:52:36","modified_gmt":"2024-05-14T14:52:36","slug":"martina-ruckblick-dimann","status":"publish","type":"persona","link":"https:\/\/www.dimann.com\/de\/person\/martina-ruckblick-dimann\/","title":{"rendered":"Martina A.: Erfahrung mit postkoitaler Blasenentz\u00fcndung"},"content":{"rendered":"<p>Ich leide seit M\u00e4rz 2021 an Blasenentz\u00fcndung, nachdem ich Geschlechtsverkehr hatte.<br \/>\nBei mir war es eine postkoitale Blasenentz\u00fcndung. Das Symptom, das ich am h\u00e4ufigsten versp\u00fcrte, war der Drang, h\u00e4ufig auf die Toilette zu gehen, begleitet von starkem Brennen.<\/p>\n<p>Da ich vor diesem Vorfall noch nie eine Blasenentz\u00fcndung hatte, habe ich <strong>mich auf Dimann verlassen<\/strong> und ich muss sagen, dass <strong>es mir sofort besser ging<\/strong>!<br \/>\nIch habe und nehme (1 Kapsel vor dem Schlafengehen zur Vorbeugung) Dimann Puro ein: das <strong>war der Durchbruch<\/strong>!<\/p>\n","protected":false},"excerpt":{"rendered":"<p>Post-koitale Blasenentz\u00fcndung<\/p>\n","protected":false},"featured_media":41254,"template":"","categories":[492],"storia":[],"class_list":["post-39827","persona","type-persona","status-publish","has-post-thumbnail","hentry","category-alle-geschichten"],"acf":[],"yoast_head":"<!-- This site is optimized with the Yoast SEO plugin v27.5 - https:\/\/yoast.com\/product\/yoast-seo-wordpress\/ -->\n<title>Martina A.: Erfahrung mit postkoitaler Blasenentz\u00fcndung | Dimann<\/title>\n<meta name=\"description\" content=\"Dimann: die Aussage von Martina A., einer 25-j\u00e4hrigen Kundin, die an postkoitaler Blasenentz\u00fcndung leidet. Ein R\u00fcckblick auf seine Erfahrungen mit Dimann.\" \/>\n<meta name=\"robots\" content=\"index, follow, max-snippet:-1, max-image-preview:large, max-video-preview:-1\" \/>\n<link rel=\"canonical\" href=\"https:\/\/www.dimann.com\/de\/person\/martina-ruckblick-dimann\/\" \/>\n<meta property=\"og:locale\" content=\"de_DE\" \/>\n<meta property=\"og:type\" content=\"article\" \/>\n<meta property=\"og:title\" content=\"Martina A.: Erfahrung mit postkoitaler Blasenentz\u00fcndung | Dimann\" \/>\n<meta property=\"og:description\" content=\"Dimann: die Aussage von Martina A., einer 25-j\u00e4hrigen Kundin, die an postkoitaler Blasenentz\u00fcndung leidet. Ein R\u00fcckblick auf seine Erfahrungen mit Dimann.\" \/>\n<meta property=\"og:url\" content=\"https:\/\/www.dimann.com\/de\/person\/martina-ruckblick-dimann\/\" \/>\n<meta property=\"og:site_name\" content=\"Dimann\" \/>\n<meta property=\"article:publisher\" content=\"https:\/\/www.facebook.com\/pg\/Dimann.cistite\/posts\/\" \/>\n<meta property=\"article:modified_time\" content=\"2024-05-14T14:52:36+00:00\" \/>\n<meta property=\"og:image\" content=\"https:\/\/www.dimann.com\/wp-content\/uploads\/2024\/04\/DEU.png\" \/>\n\t<meta property=\"og:image:width\" content=\"300\" \/>\n\t<meta property=\"og:image:height\" content=\"300\" \/>\n\t<meta property=\"og:image:type\" content=\"image\/png\" \/>\n<meta name=\"twitter:card\" content=\"summary_large_image\" \/>\n<meta name=\"twitter:label1\" content=\"Gesch\u00e4tzte Lesezeit\" \/>\n\t<meta name=\"twitter:data1\" content=\"1\u00a0Minute\" \/>\n<!-- \/ Yoast SEO plugin. -->","yoast_head_json":{"title":"Martina A.: Erfahrung mit postkoitaler Blasenentz\u00fcndung | Dimann","description":"Dimann: die Aussage von Martina A., einer 25-j\u00e4hrigen Kundin, die an postkoitaler Blasenentz\u00fcndung leidet. Ein R\u00fcckblick auf seine Erfahrungen mit Dimann.","robots":{"index":"index","follow":"follow","max-snippet":"max-snippet:-1","max-image-preview":"max-image-preview:large","max-video-preview":"max-video-preview:-1"},"canonical":"https:\/\/www.dimann.com\/de\/person\/martina-ruckblick-dimann\/","og_locale":"de_DE","og_type":"article","og_title":"Martina A.: Erfahrung mit postkoitaler Blasenentz\u00fcndung | Dimann","og_description":"Dimann: die Aussage von Martina A., einer 25-j\u00e4hrigen Kundin, die an postkoitaler Blasenentz\u00fcndung leidet. Ein R\u00fcckblick auf seine Erfahrungen mit Dimann.","og_url":"https:\/\/www.dimann.com\/de\/person\/martina-ruckblick-dimann\/","og_site_name":"Dimann","article_publisher":"https:\/\/www.facebook.com\/pg\/Dimann.cistite\/posts\/","article_modified_time":"2024-05-14T14:52:36+00:00","og_image":[{"width":300,"height":300,"url":"https:\/\/www.dimann.com\/wp-content\/uploads\/2024\/04\/DEU.png","type":"image\/png"}],"twitter_card":"summary_large_image","twitter_misc":{"Gesch\u00e4tzte Lesezeit":"1\u00a0Minute"},"schema":{"@context":"https:\/\/schema.org","@graph":[{"@type":"WebPage","@id":"https:\/\/www.dimann.com\/de\/person\/martina-ruckblick-dimann\/","url":"https:\/\/www.dimann.com\/de\/person\/martina-ruckblick-dimann\/","name":"Martina A.: Erfahrung mit postkoitaler Blasenentz\u00fcndung | Dimann","isPartOf":{"@id":"https:\/\/www.dimann.com\/de\/#website"},"primaryImageOfPage":{"@id":"https:\/\/www.dimann.com\/de\/person\/martina-ruckblick-dimann\/#primaryimage"},"image":{"@id":"https:\/\/www.dimann.com\/de\/person\/martina-ruckblick-dimann\/#primaryimage"},"thumbnailUrl":"https:\/\/www.dimann.com\/wp-content\/uploads\/2024\/04\/DEU.png","datePublished":"2024-04-17T15:14:21+00:00","dateModified":"2024-05-14T14:52:36+00:00","description":"Dimann: die Aussage von Martina A., einer 25-j\u00e4hrigen Kundin, die an postkoitaler Blasenentz\u00fcndung leidet. Ein R\u00fcckblick auf seine Erfahrungen mit Dimann.","breadcrumb":{"@id":"https:\/\/www.dimann.com\/de\/person\/martina-ruckblick-dimann\/#breadcrumb"},"inLanguage":"de","potentialAction":[{"@type":"ReadAction","target":["https:\/\/www.dimann.com\/de\/person\/martina-ruckblick-dimann\/"]}]},{"@type":"ImageObject","inLanguage":"de","@id":"https:\/\/www.dimann.com\/de\/person\/martina-ruckblick-dimann\/#primaryimage","url":"https:\/\/www.dimann.com\/wp-content\/uploads\/2024\/04\/DEU.png","contentUrl":"https:\/\/www.dimann.com\/wp-content\/uploads\/2024\/04\/DEU.png","width":300,"height":300,"caption":"Zeugnis von Martina - Postkoitale Blasenentz\u00fcndung"},{"@type":"BreadcrumbList","@id":"https:\/\/www.dimann.com\/de\/person\/martina-ruckblick-dimann\/#breadcrumb","itemListElement":[{"@type":"ListItem","position":1,"name":"Storie","item":"https:\/\/www.dimann.com\/de\/person\/"},{"@type":"ListItem","position":2,"name":"Alle Geschichten","item":"https:\/\/www.dimann.com\/de\/alle-geschichten\/"},{"@type":"ListItem","position":3,"name":"Martina A."}]},{"@type":"WebSite","@id":"https:\/\/www.dimann.com\/de\/#website","url":"https:\/\/www.dimann.com\/de\/","name":"Dimann","description":"","publisher":{"@id":"https:\/\/www.dimann.com\/de\/#organization"},"potentialAction":[{"@type":"SearchAction","target":{"@type":"EntryPoint","urlTemplate":"https:\/\/www.dimann.com\/de\/?s={search_term_string}"},"query-input":{"@type":"PropertyValueSpecification","valueRequired":true,"valueName":"search_term_string"}}],"inLanguage":"de"},{"@type":"Organization","@id":"https:\/\/www.dimann.com\/de\/#organization","name":"Dimann","url":"https:\/\/www.dimann.com\/de\/","logo":{"@type":"ImageObject","inLanguage":"de","@id":"https:\/\/www.dimann.com\/de\/#\/schema\/logo\/image\/","url":"https:\/\/www.dimann.com\/wp-content\/uploads\/2019\/07\/logo.svg","contentUrl":"https:\/\/www.dimann.com\/wp-content\/uploads\/2019\/07\/logo.svg","width":1,"height":1,"caption":"Dimann"},"image":{"@id":"https:\/\/www.dimann.com\/de\/#\/schema\/logo\/image\/"},"sameAs":["https:\/\/www.facebook.com\/pg\/Dimann.cistite\/posts\/","https:\/\/www.instagram.com\/dimann_official\/"]}]}},"_links":{"self":[{"href":"https:\/\/www.dimann.com\/de\/wp-json\/wp\/v2\/persona\/39827","targetHints":{"allow":["GET"]}}],"collection":[{"href":"https:\/\/www.dimann.com\/de\/wp-json\/wp\/v2\/persona"}],"about":[{"href":"https:\/\/www.dimann.com\/de\/wp-json\/wp\/v2\/types\/persona"}],"wp:featuredmedia":[{"embeddable":true,"href":"https:\/\/www.dimann.com\/de\/wp-json\/wp\/v2\/media\/41254"}],"wp:attachment":[{"href":"https:\/\/www.dimann.com\/de\/wp-json\/wp\/v2\/media?parent=39827"}],"wp:term":[{"taxonomy":"category","embeddable":true,"href":"https:\/\/www.dimann.com\/de\/wp-json\/wp\/v2\/categories?post=39827"},{"taxonomy":"storia","embeddable":true,"href":"https:\/\/www.dimann.com\/de\/wp-json\/wp\/v2\/storia?post=39827"}],"curies":[{"name":"wp","href":"https:\/\/api.w.org\/{rel}","templated":true}]}}

Martina A.: Erfahrung mit postkoitaler Blasenentzündung

<p>Ich leide seit März 2021 an Blasenentzündung, nachdem ich Geschlechtsverkehr hatte.<br />
Bei mir war es eine postkoitale Blasenentzündung. Das Symptom, das ich am häufigsten verspürte, war der Drang, häufig auf die Toilette zu gehen, begleitet von starkem Brennen.</p>
<p>Da ich vor diesem Vorfall noch nie eine Blasenentzündung hatte, habe ich <strong>mich auf Dimann verlassen</strong> und ich muss sagen, dass <strong>es mir sofort besser ging</strong>!<br />
Ich habe und nehme (1 Kapsel vor dem Schlafengehen zur Vorbeugung) Dimann Puro ein: das <strong>war der Durchbruch</strong>!</p>

<p>Post-koitale Blasenentzündung</p>

<!-- This site is optimized with the Yoast SEO plugin v27.5 - https://yoast.com/product/yoast-seo-wordpress/ -->
<title>Martina A.: Erfahrung mit postkoitaler Blasenentzündung | Dimann</title>
<meta name="description" content="Dimann: die Aussage von Martina A., einer 25-jährigen Kundin, die an postkoitaler Blasenentzündung leidet. Ein Rückblick auf seine Erfahrungen mit Dimann." />
<meta name="robots" content="index, follow, max-snippet:-1, max-image-preview:large, max-video-preview:-1" />
<link rel="canonical" href="https://www.dimann.com/de/person/martina-ruckblick-dimann/" />
<meta property="og:locale" content="de_DE" />
<meta property="og:type" content="article" />
<meta property="og:title" content="Martina A.: Erfahrung mit postkoitaler Blasenentzündung | Dimann" />
<meta property="og:description" content="Dimann: die Aussage von Martina A., einer 25-jährigen Kundin, die an postkoitaler Blasenentzündung leidet. Ein Rückblick auf seine Erfahrungen mit Dimann." />
<meta property="og:url" content="https://www.dimann.com/de/person/martina-ruckblick-dimann/" />
<meta property="og:site_name" content="Dimann" />
<meta property="article:publisher" content="https://www.facebook.com/pg/Dimann.cistite/posts/" />
<meta property="article:modified_time" content="2024-05-14T14:52:36+00:00" />
<meta property="og:image" content="https://www.dimann.com/wp-content/uploads/2024/04/DEU.png" />
	<meta property="og:image:width" content="300" />
	<meta property="og:image:height" content="300" />
	<meta property="og:image:type" content="image/png" />
<meta name="twitter:card" content="summary_large_image" />
<meta name="twitter:label1" content="Geschätzte Lesezeit" />
	<meta name="twitter:data1" content="1 Minute" />
<!-- / Yoast SEO plugin. -->

Martina A.: Erfahrung mit postkoitaler Blasenentzündung | Dimann

Dimann: die Aussage von Martina A., einer 25-jährigen Kundin, die an postkoitaler Blasenentzündung leidet. Ein Rückblick auf seine Erfahrungen mit Dimann.

Zeugnis von Martina - Postkoitale Blasenentzündung
