{"id":39843,"date":"2024-04-17T17:20:43","date_gmt":"2024-04-17T15:20:43","guid":{"rendered":"https:\/\/www.dimann.com\/persona\/martinam-retirement-dimann\/"},"modified":"2024-05-14T17:19:26","modified_gmt":"2024-05-14T15:19:26","slug":"martinam-retirement-dimann","status":"publish","type":"persona","link":"https:\/\/www.dimann.com\/de\/person\/martinam-retirement-dimann\/","title":{"rendered":"Martina M. \u00fcber Dimann Puro bei Blasenentz\u00fcndung"},"content":{"rendered":"<p><strong>Mein lebensrettendes Produkt hei\u00dft Dimann Puro!<\/strong><\/p>\n<p>Ich <em>leide seit mindestens 5 Jahren an Blasenentz\u00fcndung, aber letztes Jahr habe ich endlich dieses fantastische Produkt entdeckt: meine Rettung<\/em>.<br \/>\nAbsolut <strong>empfehlenswert<\/strong> und auf Wiedersehen Antibiotika!<\/p>\n","protected":false},"excerpt":{"rendered":"<p>Bakterielle Blasenentz\u00fcndung<\/p>\n","protected":false},"featured_media":41354,"template":"","categories":[492],"storia":[],"class_list":["post-39843","persona","type-persona","status-publish","has-post-thumbnail","hentry","category-alle-geschichten"],"acf":[],"yoast_head":"<!-- This site is optimized with the Yoast SEO plugin v27.5 - https:\/\/yoast.com\/product\/yoast-seo-wordpress\/ -->\n<title>Martina M. \u00fcber Dimann Puro bei Blasenentz\u00fcndung | Dimann<\/title>\n<meta name=\"description\" content=\"Dimann: die Aussage von Martina M., einer 36-j\u00e4hrigen Kundin, die an einer bakteriellen Blasenentz\u00fcndung leidet. Ein R\u00fcckblick auf seine Erfahrungen mit Dimann.\" \/>\n<meta name=\"robots\" content=\"index, follow, max-snippet:-1, max-image-preview:large, max-video-preview:-1\" \/>\n<link rel=\"canonical\" href=\"https:\/\/www.dimann.com\/de\/person\/martinam-retirement-dimann\/\" \/>\n<meta property=\"og:locale\" content=\"de_DE\" \/>\n<meta property=\"og:type\" content=\"article\" \/>\n<meta property=\"og:title\" content=\"Martina M. \u00fcber Dimann Puro bei Blasenentz\u00fcndung | Dimann\" \/>\n<meta property=\"og:description\" content=\"Dimann: die Aussage von Martina M., einer 36-j\u00e4hrigen Kundin, die an einer bakteriellen Blasenentz\u00fcndung leidet. Ein R\u00fcckblick auf seine Erfahrungen mit Dimann.\" \/>\n<meta property=\"og:url\" content=\"https:\/\/www.dimann.com\/de\/person\/martinam-retirement-dimann\/\" \/>\n<meta property=\"og:site_name\" content=\"Dimann\" \/>\n<meta property=\"article:publisher\" content=\"https:\/\/www.facebook.com\/pg\/Dimann.cistite\/posts\/\" \/>\n<meta property=\"article:modified_time\" content=\"2024-05-14T15:19:26+00:00\" \/>\n<meta property=\"og:image\" content=\"https:\/\/www.dimann.com\/wp-content\/uploads\/2024\/04\/DEU-4.jpg\" \/>\n\t<meta property=\"og:image:width\" content=\"300\" \/>\n\t<meta property=\"og:image:height\" content=\"300\" \/>\n\t<meta property=\"og:image:type\" content=\"image\/jpeg\" \/>\n<meta name=\"twitter:card\" content=\"summary_large_image\" \/>\n<meta name=\"twitter:label1\" content=\"Gesch\u00e4tzte Lesezeit\" \/>\n\t<meta name=\"twitter:data1\" content=\"1\u00a0Minute\" \/>\n<!-- \/ Yoast SEO plugin. -->","yoast_head_json":{"title":"Martina M. \u00fcber Dimann Puro bei Blasenentz\u00fcndung | Dimann","description":"Dimann: die Aussage von Martina M., einer 36-j\u00e4hrigen Kundin, die an einer bakteriellen Blasenentz\u00fcndung leidet. Ein R\u00fcckblick auf seine Erfahrungen mit Dimann.","robots":{"index":"index","follow":"follow","max-snippet":"max-snippet:-1","max-image-preview":"max-image-preview:large","max-video-preview":"max-video-preview:-1"},"canonical":"https:\/\/www.dimann.com\/de\/person\/martinam-retirement-dimann\/","og_locale":"de_DE","og_type":"article","og_title":"Martina M. \u00fcber Dimann Puro bei Blasenentz\u00fcndung | Dimann","og_description":"Dimann: die Aussage von Martina M., einer 36-j\u00e4hrigen Kundin, die an einer bakteriellen Blasenentz\u00fcndung leidet. Ein R\u00fcckblick auf seine Erfahrungen mit Dimann.","og_url":"https:\/\/www.dimann.com\/de\/person\/martinam-retirement-dimann\/","og_site_name":"Dimann","article_publisher":"https:\/\/www.facebook.com\/pg\/Dimann.cistite\/posts\/","article_modified_time":"2024-05-14T15:19:26+00:00","og_image":[{"width":300,"height":300,"url":"https:\/\/www.dimann.com\/wp-content\/uploads\/2024\/04\/DEU-4.jpg","type":"image\/jpeg"}],"twitter_card":"summary_large_image","twitter_misc":{"Gesch\u00e4tzte Lesezeit":"1\u00a0Minute"},"schema":{"@context":"https:\/\/schema.org","@graph":[{"@type":"WebPage","@id":"https:\/\/www.dimann.com\/de\/person\/martinam-retirement-dimann\/","url":"https:\/\/www.dimann.com\/de\/person\/martinam-retirement-dimann\/","name":"Martina M. \u00fcber Dimann Puro bei Blasenentz\u00fcndung | Dimann","isPartOf":{"@id":"https:\/\/www.dimann.com\/de\/#website"},"primaryImageOfPage":{"@id":"https:\/\/www.dimann.com\/de\/person\/martinam-retirement-dimann\/#primaryimage"},"image":{"@id":"https:\/\/www.dimann.com\/de\/person\/martinam-retirement-dimann\/#primaryimage"},"thumbnailUrl":"https:\/\/www.dimann.com\/wp-content\/uploads\/2024\/04\/DEU-4.jpg","datePublished":"2024-04-17T15:20:43+00:00","dateModified":"2024-05-14T15:19:26+00:00","description":"Dimann: die Aussage von Martina M., einer 36-j\u00e4hrigen Kundin, die an einer bakteriellen Blasenentz\u00fcndung leidet. Ein R\u00fcckblick auf seine Erfahrungen mit Dimann.","breadcrumb":{"@id":"https:\/\/www.dimann.com\/de\/person\/martinam-retirement-dimann\/#breadcrumb"},"inLanguage":"de","potentialAction":[{"@type":"ReadAction","target":["https:\/\/www.dimann.com\/de\/person\/martinam-retirement-dimann\/"]}]},{"@type":"ImageObject","inLanguage":"de","@id":"https:\/\/www.dimann.com\/de\/person\/martinam-retirement-dimann\/#primaryimage","url":"https:\/\/www.dimann.com\/wp-content\/uploads\/2024\/04\/DEU-4.jpg","contentUrl":"https:\/\/www.dimann.com\/wp-content\/uploads\/2024\/04\/DEU-4.jpg","width":300,"height":300,"caption":"Zeugnis von Martina - Bakterielle Blasenentz\u00fcndung"},{"@type":"BreadcrumbList","@id":"https:\/\/www.dimann.com\/de\/person\/martinam-retirement-dimann\/#breadcrumb","itemListElement":[{"@type":"ListItem","position":1,"name":"Storie","item":"https:\/\/www.dimann.com\/de\/person\/"},{"@type":"ListItem","position":2,"name":"Alle Geschichten","item":"https:\/\/www.dimann.com\/de\/alle-geschichten\/"},{"@type":"ListItem","position":3,"name":"Martina M."}]},{"@type":"WebSite","@id":"https:\/\/www.dimann.com\/de\/#website","url":"https:\/\/www.dimann.com\/de\/","name":"Dimann","description":"","publisher":{"@id":"https:\/\/www.dimann.com\/de\/#organization"},"potentialAction":[{"@type":"SearchAction","target":{"@type":"EntryPoint","urlTemplate":"https:\/\/www.dimann.com\/de\/?s={search_term_string}"},"query-input":{"@type":"PropertyValueSpecification","valueRequired":true,"valueName":"search_term_string"}}],"inLanguage":"de"},{"@type":"Organization","@id":"https:\/\/www.dimann.com\/de\/#organization","name":"Dimann","url":"https:\/\/www.dimann.com\/de\/","logo":{"@type":"ImageObject","inLanguage":"de","@id":"https:\/\/www.dimann.com\/de\/#\/schema\/logo\/image\/","url":"https:\/\/www.dimann.com\/wp-content\/uploads\/2019\/07\/logo.svg","contentUrl":"https:\/\/www.dimann.com\/wp-content\/uploads\/2019\/07\/logo.svg","width":1,"height":1,"caption":"Dimann"},"image":{"@id":"https:\/\/www.dimann.com\/de\/#\/schema\/logo\/image\/"},"sameAs":["https:\/\/www.facebook.com\/pg\/Dimann.cistite\/posts\/","https:\/\/www.instagram.com\/dimann_official\/"]}]}},"_links":{"self":[{"href":"https:\/\/www.dimann.com\/de\/wp-json\/wp\/v2\/persona\/39843","targetHints":{"allow":["GET"]}}],"collection":[{"href":"https:\/\/www.dimann.com\/de\/wp-json\/wp\/v2\/persona"}],"about":[{"href":"https:\/\/www.dimann.com\/de\/wp-json\/wp\/v2\/types\/persona"}],"wp:featuredmedia":[{"embeddable":true,"href":"https:\/\/www.dimann.com\/de\/wp-json\/wp\/v2\/media\/41354"}],"wp:attachment":[{"href":"https:\/\/www.dimann.com\/de\/wp-json\/wp\/v2\/media?parent=39843"}],"wp:term":[{"taxonomy":"category","embeddable":true,"href":"https:\/\/www.dimann.com\/de\/wp-json\/wp\/v2\/categories?post=39843"},{"taxonomy":"storia","embeddable":true,"href":"https:\/\/www.dimann.com\/de\/wp-json\/wp\/v2\/storia?post=39843"}],"curies":[{"name":"wp","href":"https:\/\/api.w.org\/{rel}","templated":true}]}}

Martina M. über Dimann Puro bei Blasenentzündung

<p><strong>Mein lebensrettendes Produkt heißt Dimann Puro!</strong></p>
<p>Ich <em>leide seit mindestens 5 Jahren an Blasenentzündung, aber letztes Jahr habe ich endlich dieses fantastische Produkt entdeckt: meine Rettung</em>.<br />
Absolut <strong>empfehlenswert</strong> und auf Wiedersehen Antibiotika!</p>

<p>Bakterielle Blasenentzündung</p>

<!-- This site is optimized with the Yoast SEO plugin v27.5 - https://yoast.com/product/yoast-seo-wordpress/ -->
<title>Martina M. über Dimann Puro bei Blasenentzündung | Dimann</title>
<meta name="description" content="Dimann: die Aussage von Martina M., einer 36-jährigen Kundin, die an einer bakteriellen Blasenentzündung leidet. Ein Rückblick auf seine Erfahrungen mit Dimann." />
<meta name="robots" content="index, follow, max-snippet:-1, max-image-preview:large, max-video-preview:-1" />
<link rel="canonical" href="https://www.dimann.com/de/person/martinam-retirement-dimann/" />
<meta property="og:locale" content="de_DE" />
<meta property="og:type" content="article" />
<meta property="og:title" content="Martina M. über Dimann Puro bei Blasenentzündung | Dimann" />
<meta property="og:description" content="Dimann: die Aussage von Martina M., einer 36-jährigen Kundin, die an einer bakteriellen Blasenentzündung leidet. Ein Rückblick auf seine Erfahrungen mit Dimann." />
<meta property="og:url" content="https://www.dimann.com/de/person/martinam-retirement-dimann/" />
<meta property="og:site_name" content="Dimann" />
<meta property="article:publisher" content="https://www.facebook.com/pg/Dimann.cistite/posts/" />
<meta property="article:modified_time" content="2024-05-14T15:19:26+00:00" />
<meta property="og:image" content="https://www.dimann.com/wp-content/uploads/2024/04/DEU-4.jpg" />
	<meta property="og:image:width" content="300" />
	<meta property="og:image:height" content="300" />
	<meta property="og:image:type" content="image/jpeg" />
<meta name="twitter:card" content="summary_large_image" />
<meta name="twitter:label1" content="Geschätzte Lesezeit" />
	<meta name="twitter:data1" content="1 Minute" />
<!-- / Yoast SEO plugin. -->

Martina M. über Dimann Puro bei Blasenentzündung | Dimann

Dimann: die Aussage von Martina M., einer 36-jährigen Kundin, die an einer bakteriellen Blasenentzündung leidet. Ein Rückblick auf seine Erfahrungen mit Dimann.

Zeugnis von Martina - Bakterielle Blasenentzündung
