{"id":39851,"date":"2024-04-17T17:25:41","date_gmt":"2024-04-17T15:25:41","guid":{"rendered":"https:\/\/www.dimann.com\/persona\/valentina-ruckblick-dimann\/"},"modified":"2024-05-14T17:36:38","modified_gmt":"2024-05-14T15:36:38","slug":"valentina-ruckblick-dimann","status":"publish","type":"persona","link":"https:\/\/www.dimann.com\/de\/person\/valentina-ruckblick-dimann\/","title":{"rendered":"Valentina A.: Zystitis-Erfahrung in der Schwangerschaft"},"content":{"rendered":"<p>Ich bin 37 Jahre alt und leide seit meinem 20. Lebensjahr an Blasenentz\u00fcndungen (mindestens einmal im Jahr), die durch Escherichia coli aufgrund eines Reizdarms verursacht werden.<br \/>\nEs handelte sich um Episoden einer bakteriellen Blasenentz\u00fcndung mit Schmerzen beim Wasserlassen, Blut im Urin und einer positiven Urinkultur mit einer Keimzahl von 100.000.<\/p>\n<p>Ich verwende Dimann Puro seit Ende Dezember, ich bin schwanger und nehme jetzt die zweite Packung.<br \/>\nNach einem Monat der Behandlung wurde die <strong>Urinkultur<\/strong> trotz der Antibiotika, gegen die ich resistent wurde, <strong>negativ<\/strong>.<br \/>\nIch bin froh, dass ich ein <strong>nat\u00fcrliches Produkt<\/strong> gefunden habe <strong>, das mein Problem l\u00f6sen<\/strong> konnte und das ich <strong>auch w\u00e4hrend der Schwangerschaft sicher<\/strong> einnehmen kann.<\/p>\n","protected":false},"excerpt":{"rendered":"<p>E. coli Blasenentz\u00fcndung in der Schwangerschaft<\/p>\n","protected":false},"featured_media":41394,"template":"","categories":[492],"storia":[],"class_list":["post-39851","persona","type-persona","status-publish","has-post-thumbnail","hentry","category-alle-geschichten"],"acf":[],"yoast_head":"<!-- This site is optimized with the Yoast SEO plugin v27.5 - https:\/\/yoast.com\/product\/yoast-seo-wordpress\/ -->\n<title>Valentina A.: Zystitis-Erfahrung in der Schwangerschaft | Dimann<\/title>\n<meta name=\"description\" content=\"Dimann: die Aussage von Valentina A., einer 37-j\u00e4hrigen Kundin, die an E. coli Blasenentz\u00fcndung litt. Ein R\u00fcckblick auf seine Erfahrungen mit Dimann.\" \/>\n<meta name=\"robots\" content=\"index, follow, max-snippet:-1, max-image-preview:large, max-video-preview:-1\" \/>\n<link rel=\"canonical\" href=\"https:\/\/www.dimann.com\/de\/person\/valentina-ruckblick-dimann\/\" \/>\n<meta property=\"og:locale\" content=\"de_DE\" \/>\n<meta property=\"og:type\" content=\"article\" \/>\n<meta property=\"og:title\" content=\"Valentina A.: Zystitis-Erfahrung in der Schwangerschaft | Dimann\" \/>\n<meta property=\"og:description\" content=\"Dimann: die Aussage von Valentina A., einer 37-j\u00e4hrigen Kundin, die an E. coli Blasenentz\u00fcndung litt. Ein R\u00fcckblick auf seine Erfahrungen mit Dimann.\" \/>\n<meta property=\"og:url\" content=\"https:\/\/www.dimann.com\/de\/person\/valentina-ruckblick-dimann\/\" \/>\n<meta property=\"og:site_name\" content=\"Dimann\" \/>\n<meta property=\"article:publisher\" content=\"https:\/\/www.facebook.com\/pg\/Dimann.cistite\/posts\/\" \/>\n<meta property=\"article:modified_time\" content=\"2024-05-14T15:36:38+00:00\" \/>\n<meta property=\"og:image\" content=\"https:\/\/www.dimann.com\/wp-content\/uploads\/2024\/04\/DEU-6.jpg\" \/>\n\t<meta property=\"og:image:width\" content=\"300\" \/>\n\t<meta property=\"og:image:height\" content=\"300\" \/>\n\t<meta property=\"og:image:type\" content=\"image\/jpeg\" \/>\n<meta name=\"twitter:card\" content=\"summary_large_image\" \/>\n<meta name=\"twitter:label1\" content=\"Gesch\u00e4tzte Lesezeit\" \/>\n\t<meta name=\"twitter:data1\" content=\"1\u00a0Minute\" \/>\n<!-- \/ Yoast SEO plugin. -->","yoast_head_json":{"title":"Valentina A.: Zystitis-Erfahrung in der Schwangerschaft | Dimann","description":"Dimann: die Aussage von Valentina A., einer 37-j\u00e4hrigen Kundin, die an E. coli Blasenentz\u00fcndung litt. Ein R\u00fcckblick auf seine Erfahrungen mit Dimann.","robots":{"index":"index","follow":"follow","max-snippet":"max-snippet:-1","max-image-preview":"max-image-preview:large","max-video-preview":"max-video-preview:-1"},"canonical":"https:\/\/www.dimann.com\/de\/person\/valentina-ruckblick-dimann\/","og_locale":"de_DE","og_type":"article","og_title":"Valentina A.: Zystitis-Erfahrung in der Schwangerschaft | Dimann","og_description":"Dimann: die Aussage von Valentina A., einer 37-j\u00e4hrigen Kundin, die an E. coli Blasenentz\u00fcndung litt. Ein R\u00fcckblick auf seine Erfahrungen mit Dimann.","og_url":"https:\/\/www.dimann.com\/de\/person\/valentina-ruckblick-dimann\/","og_site_name":"Dimann","article_publisher":"https:\/\/www.facebook.com\/pg\/Dimann.cistite\/posts\/","article_modified_time":"2024-05-14T15:36:38+00:00","og_image":[{"width":300,"height":300,"url":"https:\/\/www.dimann.com\/wp-content\/uploads\/2024\/04\/DEU-6.jpg","type":"image\/jpeg"}],"twitter_card":"summary_large_image","twitter_misc":{"Gesch\u00e4tzte Lesezeit":"1\u00a0Minute"},"schema":{"@context":"https:\/\/schema.org","@graph":[{"@type":"WebPage","@id":"https:\/\/www.dimann.com\/de\/person\/valentina-ruckblick-dimann\/","url":"https:\/\/www.dimann.com\/de\/person\/valentina-ruckblick-dimann\/","name":"Valentina A.: Zystitis-Erfahrung in der Schwangerschaft | Dimann","isPartOf":{"@id":"https:\/\/www.dimann.com\/de\/#website"},"primaryImageOfPage":{"@id":"https:\/\/www.dimann.com\/de\/person\/valentina-ruckblick-dimann\/#primaryimage"},"image":{"@id":"https:\/\/www.dimann.com\/de\/person\/valentina-ruckblick-dimann\/#primaryimage"},"thumbnailUrl":"https:\/\/www.dimann.com\/wp-content\/uploads\/2024\/04\/DEU-6.jpg","datePublished":"2024-04-17T15:25:41+00:00","dateModified":"2024-05-14T15:36:38+00:00","description":"Dimann: die Aussage von Valentina A., einer 37-j\u00e4hrigen Kundin, die an E. coli Blasenentz\u00fcndung litt. Ein R\u00fcckblick auf seine Erfahrungen mit Dimann.","breadcrumb":{"@id":"https:\/\/www.dimann.com\/de\/person\/valentina-ruckblick-dimann\/#breadcrumb"},"inLanguage":"de","potentialAction":[{"@type":"ReadAction","target":["https:\/\/www.dimann.com\/de\/person\/valentina-ruckblick-dimann\/"]}]},{"@type":"ImageObject","inLanguage":"de","@id":"https:\/\/www.dimann.com\/de\/person\/valentina-ruckblick-dimann\/#primaryimage","url":"https:\/\/www.dimann.com\/wp-content\/uploads\/2024\/04\/DEU-6.jpg","contentUrl":"https:\/\/www.dimann.com\/wp-content\/uploads\/2024\/04\/DEU-6.jpg","width":300,"height":300,"caption":"Zeugnis von Valentina - Escherichia Coli Zystitis"},{"@type":"BreadcrumbList","@id":"https:\/\/www.dimann.com\/de\/person\/valentina-ruckblick-dimann\/#breadcrumb","itemListElement":[{"@type":"ListItem","position":1,"name":"Storie","item":"https:\/\/www.dimann.com\/de\/person\/"},{"@type":"ListItem","position":2,"name":"Alle Geschichten","item":"https:\/\/www.dimann.com\/de\/alle-geschichten\/"},{"@type":"ListItem","position":3,"name":"Valentina A."}]},{"@type":"WebSite","@id":"https:\/\/www.dimann.com\/de\/#website","url":"https:\/\/www.dimann.com\/de\/","name":"Dimann","description":"","publisher":{"@id":"https:\/\/www.dimann.com\/de\/#organization"},"potentialAction":[{"@type":"SearchAction","target":{"@type":"EntryPoint","urlTemplate":"https:\/\/www.dimann.com\/de\/?s={search_term_string}"},"query-input":{"@type":"PropertyValueSpecification","valueRequired":true,"valueName":"search_term_string"}}],"inLanguage":"de"},{"@type":"Organization","@id":"https:\/\/www.dimann.com\/de\/#organization","name":"Dimann","url":"https:\/\/www.dimann.com\/de\/","logo":{"@type":"ImageObject","inLanguage":"de","@id":"https:\/\/www.dimann.com\/de\/#\/schema\/logo\/image\/","url":"https:\/\/www.dimann.com\/wp-content\/uploads\/2019\/07\/logo.svg","contentUrl":"https:\/\/www.dimann.com\/wp-content\/uploads\/2019\/07\/logo.svg","width":1,"height":1,"caption":"Dimann"},"image":{"@id":"https:\/\/www.dimann.com\/de\/#\/schema\/logo\/image\/"},"sameAs":["https:\/\/www.facebook.com\/pg\/Dimann.cistite\/posts\/","https:\/\/www.instagram.com\/dimann_official\/"]}]}},"_links":{"self":[{"href":"https:\/\/www.dimann.com\/de\/wp-json\/wp\/v2\/persona\/39851","targetHints":{"allow":["GET"]}}],"collection":[{"href":"https:\/\/www.dimann.com\/de\/wp-json\/wp\/v2\/persona"}],"about":[{"href":"https:\/\/www.dimann.com\/de\/wp-json\/wp\/v2\/types\/persona"}],"wp:featuredmedia":[{"embeddable":true,"href":"https:\/\/www.dimann.com\/de\/wp-json\/wp\/v2\/media\/41394"}],"wp:attachment":[{"href":"https:\/\/www.dimann.com\/de\/wp-json\/wp\/v2\/media?parent=39851"}],"wp:term":[{"taxonomy":"category","embeddable":true,"href":"https:\/\/www.dimann.com\/de\/wp-json\/wp\/v2\/categories?post=39851"},{"taxonomy":"storia","embeddable":true,"href":"https:\/\/www.dimann.com\/de\/wp-json\/wp\/v2\/storia?post=39851"}],"curies":[{"name":"wp","href":"https:\/\/api.w.org\/{rel}","templated":true}]}}

<p>Ich bin 37 Jahre alt und leide seit meinem 20. Lebensjahr an Blasenentzündungen (mindestens einmal im Jahr), die durch Escherichia coli aufgrund eines Reizdarms verursacht werden.<br />
Es handelte sich um Episoden einer bakteriellen Blasenentzündung mit Schmerzen beim Wasserlassen, Blut im Urin und einer positiven Urinkultur mit einer Keimzahl von 100.000.</p>
<p>Ich verwende Dimann Puro seit Ende Dezember, ich bin schwanger und nehme jetzt die zweite Packung.<br />
Nach einem Monat der Behandlung wurde die <strong>Urinkultur</strong> trotz der Antibiotika, gegen die ich resistent wurde, <strong>negativ</strong>.<br />
Ich bin froh, dass ich ein <strong>natürliches Produkt</strong> gefunden habe <strong>, das mein Problem lösen</strong> konnte und das ich <strong>auch während der Schwangerschaft sicher</strong> einnehmen kann.</p>

<p>E. coli Blasenentzündung in der Schwangerschaft</p>

<!-- This site is optimized with the Yoast SEO plugin v27.5 - https://yoast.com/product/yoast-seo-wordpress/ -->
<title>Valentina A.: Zystitis-Erfahrung in der Schwangerschaft | Dimann</title>
<meta name="description" content="Dimann: die Aussage von Valentina A., einer 37-jährigen Kundin, die an E. coli Blasenentzündung litt. Ein Rückblick auf seine Erfahrungen mit Dimann." />
<meta name="robots" content="index, follow, max-snippet:-1, max-image-preview:large, max-video-preview:-1" />
<link rel="canonical" href="https://www.dimann.com/de/person/valentina-ruckblick-dimann/" />
<meta property="og:locale" content="de_DE" />
<meta property="og:type" content="article" />
<meta property="og:title" content="Valentina A.: Zystitis-Erfahrung in der Schwangerschaft | Dimann" />
<meta property="og:description" content="Dimann: die Aussage von Valentina A., einer 37-jährigen Kundin, die an E. coli Blasenentzündung litt. Ein Rückblick auf seine Erfahrungen mit Dimann." />
<meta property="og:url" content="https://www.dimann.com/de/person/valentina-ruckblick-dimann/" />
<meta property="og:site_name" content="Dimann" />
<meta property="article:publisher" content="https://www.facebook.com/pg/Dimann.cistite/posts/" />
<meta property="article:modified_time" content="2024-05-14T15:36:38+00:00" />
<meta property="og:image" content="https://www.dimann.com/wp-content/uploads/2024/04/DEU-6.jpg" />
	<meta property="og:image:width" content="300" />
	<meta property="og:image:height" content="300" />
	<meta property="og:image:type" content="image/jpeg" />
<meta name="twitter:card" content="summary_large_image" />
<meta name="twitter:label1" content="Geschätzte Lesezeit" />
	<meta name="twitter:data1" content="1 Minute" />
<!-- / Yoast SEO plugin. -->

Dimann: die Aussage von Valentina A., einer 37-jährigen Kundin, die an E. coli Blasenentzündung litt. Ein Rückblick auf seine Erfahrungen mit Dimann.
