{"id":39838,"date":"2024-04-17T17:18:14","date_gmt":"2024-04-17T15:18:14","guid":{"rendered":"https:\/\/www.dimann.com\/persona\/antonella-recension-dimann\/"},"modified":"2024-05-14T17:13:45","modified_gmt":"2024-05-14T15:13:45","slug":"antonella-recension-dimann","status":"publish","type":"persona","link":"https:\/\/www.dimann.com\/fr\/persona\/antonella-recension-dimann\/","title":{"rendered":"Antonella S. : t\u00e9moignage sur la cystite post\u2011co\u00eftale"},"content":{"rendered":"<p>Je souffre de cystite depuis pr\u00e8s de cinq ans, plus pr\u00e9cis\u00e9ment de cystite post-co\u00eftale !<br \/>\n<em>Une douleur<\/em> atroce<em>, des aiguilles br\u00fblantes qui transpercent la vessie et les jours o\u00f9 j&rsquo;ai eu des rapports sexuels<\/em>.<\/p>\n<p>C&rsquo;est alors que <strong>Dimann Puro<\/strong> est entr\u00e9 dans ma vie <strong>: mon compl\u00e9ment salvateur<\/strong>.<br \/>\nAlors que<strong> j&rsquo;<\/strong>avais 2 \u00e0 4 \u00e9pisodes de<strong> cystite<\/strong> par mois,<strong> cela fait maintenant 9 mois que je n&rsquo;ai plus de cystite<\/strong>.<\/p>\n<p>Je le prends r\u00e9guli\u00e8rement en suivant les protocoles Dimann. Il <strong>m&rsquo;a donn\u00e9 un nouveau souffle<\/strong> et je ne cesserai jamais de remercier toutes les personnes qui y travaillent. Chaque jour, ils s&rsquo;efforcent de nous \u00e9couter et de nous accompagner pas \u00e0 pas pour retrouver une vie normale.<\/p>\n","protected":false},"excerpt":{"rendered":"<p>Cystite post-co\u00eftale<\/p>\n","protected":false},"featured_media":41329,"template":"","categories":[491],"storia":[],"class_list":["post-39838","persona","type-persona","status-publish","has-post-thumbnail","hentry","category-toutes-les-histoires"],"acf":[],"yoast_head":"<!-- This site is optimized with the Yoast SEO plugin v27.5 - https:\/\/yoast.com\/product\/yoast-seo-wordpress\/ -->\n<title>Antonella S. : t\u00e9moignage sur la cystite post\u2011co\u00eftale | Dimann<\/title>\n<meta name=\"description\" content=\"Dimann : le t\u00e9moignage d&#039;Antonella S., une cliente de 25 ans souffrant de cystite post-co\u00eftale. Un bilan de son exp\u00e9rience \u00e0 Dimann.\" \/>\n<meta name=\"robots\" content=\"index, follow, max-snippet:-1, max-image-preview:large, max-video-preview:-1\" \/>\n<link rel=\"canonical\" href=\"https:\/\/www.dimann.com\/fr\/persona\/antonella-recension-dimann\/\" \/>\n<meta property=\"og:locale\" content=\"fr_FR\" \/>\n<meta property=\"og:type\" content=\"article\" \/>\n<meta property=\"og:title\" content=\"Antonella S. : t\u00e9moignage sur la cystite post\u2011co\u00eftale | Dimann\" \/>\n<meta property=\"og:description\" content=\"Dimann : le t\u00e9moignage d&#039;Antonella S., une cliente de 25 ans souffrant de cystite post-co\u00eftale. Un bilan de son exp\u00e9rience \u00e0 Dimann.\" \/>\n<meta property=\"og:url\" content=\"https:\/\/www.dimann.com\/fr\/persona\/antonella-recension-dimann\/\" \/>\n<meta property=\"og:site_name\" content=\"Dimann\" \/>\n<meta property=\"article:publisher\" content=\"https:\/\/www.facebook.com\/pg\/Dimann.cistite\/posts\/\" \/>\n<meta property=\"article:modified_time\" content=\"2024-05-14T15:13:45+00:00\" \/>\n<meta property=\"og:image\" content=\"https:\/\/www.dimann.com\/wp-content\/uploads\/2024\/04\/FRA-4.jpg\" \/>\n\t<meta property=\"og:image:width\" content=\"300\" \/>\n\t<meta property=\"og:image:height\" content=\"300\" \/>\n\t<meta property=\"og:image:type\" content=\"image\/jpeg\" \/>\n<meta name=\"twitter:card\" content=\"summary_large_image\" \/>\n<meta name=\"twitter:label1\" content=\"Dur\u00e9e de lecture estim\u00e9e\" \/>\n\t<meta name=\"twitter:data1\" content=\"1 minute\" \/>\n<!-- \/ Yoast SEO plugin. -->","yoast_head_json":{"title":"Antonella S. : t\u00e9moignage sur la cystite post\u2011co\u00eftale | Dimann","description":"Dimann : le t\u00e9moignage d'Antonella S., une cliente de 25 ans souffrant de cystite post-co\u00eftale. Un bilan de son exp\u00e9rience \u00e0 Dimann.","robots":{"index":"index","follow":"follow","max-snippet":"max-snippet:-1","max-image-preview":"max-image-preview:large","max-video-preview":"max-video-preview:-1"},"canonical":"https:\/\/www.dimann.com\/fr\/persona\/antonella-recension-dimann\/","og_locale":"fr_FR","og_type":"article","og_title":"Antonella S. : t\u00e9moignage sur la cystite post\u2011co\u00eftale | Dimann","og_description":"Dimann : le t\u00e9moignage d'Antonella S., une cliente de 25 ans souffrant de cystite post-co\u00eftale. Un bilan de son exp\u00e9rience \u00e0 Dimann.","og_url":"https:\/\/www.dimann.com\/fr\/persona\/antonella-recension-dimann\/","og_site_name":"Dimann","article_publisher":"https:\/\/www.facebook.com\/pg\/Dimann.cistite\/posts\/","article_modified_time":"2024-05-14T15:13:45+00:00","og_image":[{"width":300,"height":300,"url":"https:\/\/www.dimann.com\/wp-content\/uploads\/2024\/04\/FRA-4.jpg","type":"image\/jpeg"}],"twitter_card":"summary_large_image","twitter_misc":{"Dur\u00e9e de lecture estim\u00e9e":"1 minute"},"schema":{"@context":"https:\/\/schema.org","@graph":[{"@type":"WebPage","@id":"https:\/\/www.dimann.com\/fr\/persona\/antonella-recension-dimann\/","url":"https:\/\/www.dimann.com\/fr\/persona\/antonella-recension-dimann\/","name":"Antonella S. : t\u00e9moignage sur la cystite post\u2011co\u00eftale | Dimann","isPartOf":{"@id":"https:\/\/www.dimann.com\/fr\/#website"},"primaryImageOfPage":{"@id":"https:\/\/www.dimann.com\/fr\/persona\/antonella-recension-dimann\/#primaryimage"},"image":{"@id":"https:\/\/www.dimann.com\/fr\/persona\/antonella-recension-dimann\/#primaryimage"},"thumbnailUrl":"https:\/\/www.dimann.com\/wp-content\/uploads\/2024\/04\/FRA-4.jpg","datePublished":"2024-04-17T15:18:14+00:00","dateModified":"2024-05-14T15:13:45+00:00","description":"Dimann : le t\u00e9moignage d'Antonella S., une cliente de 25 ans souffrant de cystite post-co\u00eftale. Un bilan de son exp\u00e9rience \u00e0 Dimann.","breadcrumb":{"@id":"https:\/\/www.dimann.com\/fr\/persona\/antonella-recension-dimann\/#breadcrumb"},"inLanguage":"fr-FR","potentialAction":[{"@type":"ReadAction","target":["https:\/\/www.dimann.com\/fr\/persona\/antonella-recension-dimann\/"]}]},{"@type":"ImageObject","inLanguage":"fr-FR","@id":"https:\/\/www.dimann.com\/fr\/persona\/antonella-recension-dimann\/#primaryimage","url":"https:\/\/www.dimann.com\/wp-content\/uploads\/2024\/04\/FRA-4.jpg","contentUrl":"https:\/\/www.dimann.com\/wp-content\/uploads\/2024\/04\/FRA-4.jpg","width":300,"height":300,"caption":"T\u00e9moignage de Antonella - Cystite Post-Co\u00eftale"},{"@type":"BreadcrumbList","@id":"https:\/\/www.dimann.com\/fr\/persona\/antonella-recension-dimann\/#breadcrumb","itemListElement":[{"@type":"ListItem","position":1,"name":"Storie","item":"https:\/\/www.dimann.com\/fr\/persona\/"},{"@type":"ListItem","position":2,"name":"Toutes les histoires","item":"https:\/\/www.dimann.com\/fr\/toutes-les-histoires\/"},{"@type":"ListItem","position":3,"name":"Antonella S."}]},{"@type":"WebSite","@id":"https:\/\/www.dimann.com\/fr\/#website","url":"https:\/\/www.dimann.com\/fr\/","name":"Dimann","description":"","publisher":{"@id":"https:\/\/www.dimann.com\/fr\/#organization"},"potentialAction":[{"@type":"SearchAction","target":{"@type":"EntryPoint","urlTemplate":"https:\/\/www.dimann.com\/fr\/?s={search_term_string}"},"query-input":{"@type":"PropertyValueSpecification","valueRequired":true,"valueName":"search_term_string"}}],"inLanguage":"fr-FR"},{"@type":"Organization","@id":"https:\/\/www.dimann.com\/fr\/#organization","name":"Dimann","url":"https:\/\/www.dimann.com\/fr\/","logo":{"@type":"ImageObject","inLanguage":"fr-FR","@id":"https:\/\/www.dimann.com\/fr\/#\/schema\/logo\/image\/","url":"https:\/\/www.dimann.com\/wp-content\/uploads\/2019\/07\/logo.svg","contentUrl":"https:\/\/www.dimann.com\/wp-content\/uploads\/2019\/07\/logo.svg","width":1,"height":1,"caption":"Dimann"},"image":{"@id":"https:\/\/www.dimann.com\/fr\/#\/schema\/logo\/image\/"},"sameAs":["https:\/\/www.facebook.com\/pg\/Dimann.cistite\/posts\/","https:\/\/www.instagram.com\/dimann_official\/"]}]}},"_links":{"self":[{"href":"https:\/\/www.dimann.com\/fr\/wp-json\/wp\/v2\/persona\/39838","targetHints":{"allow":["GET"]}}],"collection":[{"href":"https:\/\/www.dimann.com\/fr\/wp-json\/wp\/v2\/persona"}],"about":[{"href":"https:\/\/www.dimann.com\/fr\/wp-json\/wp\/v2\/types\/persona"}],"wp:featuredmedia":[{"embeddable":true,"href":"https:\/\/www.dimann.com\/fr\/wp-json\/wp\/v2\/media\/41329"}],"wp:attachment":[{"href":"https:\/\/www.dimann.com\/fr\/wp-json\/wp\/v2\/media?parent=39838"}],"wp:term":[{"taxonomy":"category","embeddable":true,"href":"https:\/\/www.dimann.com\/fr\/wp-json\/wp\/v2\/categories?post=39838"},{"taxonomy":"storia","embeddable":true,"href":"https:\/\/www.dimann.com\/fr\/wp-json\/wp\/v2\/storia?post=39838"}],"curies":[{"name":"wp","href":"https:\/\/api.w.org\/{rel}","templated":true}]}}

Antonella S. : témoignage sur la cystite post‑coïtale

<p>Je souffre de cystite depuis près de cinq ans, plus précisément de cystite post-coïtale !<br />
<em>Une douleur</em> atroce<em>, des aiguilles brûlantes qui transpercent la vessie et les jours où j&rsquo;ai eu des rapports sexuels</em>.</p>
<p>C&rsquo;est alors que <strong>Dimann Puro</strong> est entré dans ma vie <strong>: mon complément salvateur</strong>.<br />
Alors que<strong> j&rsquo;</strong>avais 2 à 4 épisodes de<strong> cystite</strong> par mois,<strong> cela fait maintenant 9 mois que je n&rsquo;ai plus de cystite</strong>.</p>
<p>Je le prends régulièrement en suivant les protocoles Dimann. Il <strong>m&rsquo;a donné un nouveau souffle</strong> et je ne cesserai jamais de remercier toutes les personnes qui y travaillent. Chaque jour, ils s&rsquo;efforcent de nous écouter et de nous accompagner pas à pas pour retrouver une vie normale.</p>

<p>Cystite post-coïtale</p>

<!-- This site is optimized with the Yoast SEO plugin v27.5 - https://yoast.com/product/yoast-seo-wordpress/ -->
<title>Antonella S. : témoignage sur la cystite post‑coïtale | Dimann</title>
<meta name="description" content="Dimann : le témoignage d&#039;Antonella S., une cliente de 25 ans souffrant de cystite post-coïtale. Un bilan de son expérience à Dimann." />
<meta name="robots" content="index, follow, max-snippet:-1, max-image-preview:large, max-video-preview:-1" />
<link rel="canonical" href="https://www.dimann.com/fr/persona/antonella-recension-dimann/" />
<meta property="og:locale" content="fr_FR" />
<meta property="og:type" content="article" />
<meta property="og:title" content="Antonella S. : témoignage sur la cystite post‑coïtale | Dimann" />
<meta property="og:description" content="Dimann : le témoignage d&#039;Antonella S., une cliente de 25 ans souffrant de cystite post-coïtale. Un bilan de son expérience à Dimann." />
<meta property="og:url" content="https://www.dimann.com/fr/persona/antonella-recension-dimann/" />
<meta property="og:site_name" content="Dimann" />
<meta property="article:publisher" content="https://www.facebook.com/pg/Dimann.cistite/posts/" />
<meta property="article:modified_time" content="2024-05-14T15:13:45+00:00" />
<meta property="og:image" content="https://www.dimann.com/wp-content/uploads/2024/04/FRA-4.jpg" />
	<meta property="og:image:width" content="300" />
	<meta property="og:image:height" content="300" />
	<meta property="og:image:type" content="image/jpeg" />
<meta name="twitter:card" content="summary_large_image" />
<meta name="twitter:label1" content="Durée de lecture estimée" />
	<meta name="twitter:data1" content="1 minute" />
<!-- / Yoast SEO plugin. -->

Antonella S. : témoignage sur la cystite post‑coïtale | Dimann

Dimann : le témoignage d'Antonella S., une cliente de 25 ans souffrant de cystite post-coïtale. Un bilan de son expérience à Dimann.

Témoignage de Antonella - Cystite Post-Coïtale
