{"id":39854,"date":"2024-04-17T17:32:34","date_gmt":"2024-04-17T15:32:34","guid":{"rendered":"https:\/\/www.dimann.com\/persona\/federica-review-dimann\/"},"modified":"2024-05-14T17:41:14","modified_gmt":"2024-05-14T15:41:14","slug":"federica-review-dimann","status":"publish","type":"persona","link":"https:\/\/www.dimann.com\/fr\/persona\/federica-review-dimann\/","title":{"rendered":"T\u00e9moignage de Federica L. sur la cystite post-co\u00eftale"},"content":{"rendered":"<p>Je souffre de cystite depuis de nombreuses ann\u00e9es, au moins 10.<br \/>\nParmi les causes principales, il y a les rapports sexuels, une mauvaise lubrification et certainement une mauvaise hydratation, car j&rsquo;ai toujours bu tr\u00e8s peu.<\/p>\n<p><em>Les derniers \u00e9pisodes de cystite ont \u00e9t\u00e9 tr\u00e8s forts, avec des pertes de sang et des frissons.<\/em><\/p>\n<p>J&rsquo;ai tout essay\u00e9 jusqu&rsquo;\u00e0 ce que je d\u00e9couvre les produits <strong>Dimann, qui ont litt\u00e9ralement chang\u00e9 ma vie<\/strong>. J&rsquo;ai utilis\u00e9 Dimann Puro pour la phase aigu\u00eb ! Aujourd&rsquo;hui, je prends toujours Dimann Puro dans la phase d&rsquo;entretien et dans les heures qui suivent le rapport sexuel, en appliquant toujours le lubrifiant Dimann Gel.<br \/>\n<strong>Aujourd&rsquo;hui, la cystite n&rsquo;est plus qu&rsquo;un mauvais et lointain souvenir<\/strong>.<\/p>\n","protected":false},"excerpt":{"rendered":"<p>Cystite post-co\u00eftale<\/p>\n","protected":false},"featured_media":41409,"template":"","categories":[491],"storia":[],"class_list":["post-39854","persona","type-persona","status-publish","has-post-thumbnail","hentry","category-toutes-les-histoires"],"acf":[],"yoast_head":"<!-- This site is optimized with the Yoast SEO plugin v27.5 - https:\/\/yoast.com\/product\/yoast-seo-wordpress\/ -->\n<title>T\u00e9moignage de Federica L. sur la cystite post-co\u00eftale | Dimann<\/title>\n<meta name=\"description\" content=\"Dimann : le t\u00e9moignage de Federica L., une cliente de 63 ans souffrant de cystite post-co\u00eftale. Un commentaire sur votre exp\u00e9rience avec Dimann\" \/>\n<meta name=\"robots\" content=\"index, follow, max-snippet:-1, max-image-preview:large, max-video-preview:-1\" \/>\n<link rel=\"canonical\" href=\"https:\/\/www.dimann.com\/fr\/persona\/federica-review-dimann\/\" \/>\n<meta property=\"og:locale\" content=\"fr_FR\" \/>\n<meta property=\"og:type\" content=\"article\" \/>\n<meta property=\"og:title\" content=\"T\u00e9moignage de Federica L. sur la cystite post-co\u00eftale | Dimann\" \/>\n<meta property=\"og:description\" content=\"Dimann : le t\u00e9moignage de Federica L., une cliente de 63 ans souffrant de cystite post-co\u00eftale. Un commentaire sur votre exp\u00e9rience avec Dimann\" \/>\n<meta property=\"og:url\" content=\"https:\/\/www.dimann.com\/fr\/persona\/federica-review-dimann\/\" \/>\n<meta property=\"og:site_name\" content=\"Dimann\" \/>\n<meta property=\"article:publisher\" content=\"https:\/\/www.facebook.com\/pg\/Dimann.cistite\/posts\/\" \/>\n<meta property=\"article:modified_time\" content=\"2024-05-14T15:41:14+00:00\" \/>\n<meta property=\"og:image\" content=\"https:\/\/www.dimann.com\/wp-content\/uploads\/2024\/04\/FRA-8.jpg\" \/>\n\t<meta property=\"og:image:width\" content=\"300\" \/>\n\t<meta property=\"og:image:height\" content=\"300\" \/>\n\t<meta property=\"og:image:type\" content=\"image\/jpeg\" \/>\n<meta name=\"twitter:card\" content=\"summary_large_image\" \/>\n<meta name=\"twitter:label1\" content=\"Dur\u00e9e de lecture estim\u00e9e\" \/>\n\t<meta name=\"twitter:data1\" content=\"1 minute\" \/>\n<!-- \/ Yoast SEO plugin. -->","yoast_head_json":{"title":"T\u00e9moignage de Federica L. sur la cystite post-co\u00eftale | Dimann","description":"Dimann : le t\u00e9moignage de Federica L., une cliente de 63 ans souffrant de cystite post-co\u00eftale. Un commentaire sur votre exp\u00e9rience avec Dimann","robots":{"index":"index","follow":"follow","max-snippet":"max-snippet:-1","max-image-preview":"max-image-preview:large","max-video-preview":"max-video-preview:-1"},"canonical":"https:\/\/www.dimann.com\/fr\/persona\/federica-review-dimann\/","og_locale":"fr_FR","og_type":"article","og_title":"T\u00e9moignage de Federica L. sur la cystite post-co\u00eftale | Dimann","og_description":"Dimann : le t\u00e9moignage de Federica L., une cliente de 63 ans souffrant de cystite post-co\u00eftale. Un commentaire sur votre exp\u00e9rience avec Dimann","og_url":"https:\/\/www.dimann.com\/fr\/persona\/federica-review-dimann\/","og_site_name":"Dimann","article_publisher":"https:\/\/www.facebook.com\/pg\/Dimann.cistite\/posts\/","article_modified_time":"2024-05-14T15:41:14+00:00","og_image":[{"width":300,"height":300,"url":"https:\/\/www.dimann.com\/wp-content\/uploads\/2024\/04\/FRA-8.jpg","type":"image\/jpeg"}],"twitter_card":"summary_large_image","twitter_misc":{"Dur\u00e9e de lecture estim\u00e9e":"1 minute"},"schema":{"@context":"https:\/\/schema.org","@graph":[{"@type":"WebPage","@id":"https:\/\/www.dimann.com\/fr\/persona\/federica-review-dimann\/","url":"https:\/\/www.dimann.com\/fr\/persona\/federica-review-dimann\/","name":"T\u00e9moignage de Federica L. sur la cystite post-co\u00eftale | Dimann","isPartOf":{"@id":"https:\/\/www.dimann.com\/fr\/#website"},"primaryImageOfPage":{"@id":"https:\/\/www.dimann.com\/fr\/persona\/federica-review-dimann\/#primaryimage"},"image":{"@id":"https:\/\/www.dimann.com\/fr\/persona\/federica-review-dimann\/#primaryimage"},"thumbnailUrl":"https:\/\/www.dimann.com\/wp-content\/uploads\/2024\/04\/FRA-8.jpg","datePublished":"2024-04-17T15:32:34+00:00","dateModified":"2024-05-14T15:41:14+00:00","description":"Dimann : le t\u00e9moignage de Federica L., une cliente de 63 ans souffrant de cystite post-co\u00eftale. Un commentaire sur votre exp\u00e9rience avec Dimann","breadcrumb":{"@id":"https:\/\/www.dimann.com\/fr\/persona\/federica-review-dimann\/#breadcrumb"},"inLanguage":"fr-FR","potentialAction":[{"@type":"ReadAction","target":["https:\/\/www.dimann.com\/fr\/persona\/federica-review-dimann\/"]}]},{"@type":"ImageObject","inLanguage":"fr-FR","@id":"https:\/\/www.dimann.com\/fr\/persona\/federica-review-dimann\/#primaryimage","url":"https:\/\/www.dimann.com\/wp-content\/uploads\/2024\/04\/FRA-8.jpg","contentUrl":"https:\/\/www.dimann.com\/wp-content\/uploads\/2024\/04\/FRA-8.jpg","width":300,"height":300,"caption":"T\u00e9moignage de Federica - Cystite \u00e0 Escherichia Coli"},{"@type":"BreadcrumbList","@id":"https:\/\/www.dimann.com\/fr\/persona\/federica-review-dimann\/#breadcrumb","itemListElement":[{"@type":"ListItem","position":1,"name":"Storie","item":"https:\/\/www.dimann.com\/fr\/persona\/"},{"@type":"ListItem","position":2,"name":"Toutes les histoires","item":"https:\/\/www.dimann.com\/fr\/toutes-les-histoires\/"},{"@type":"ListItem","position":3,"name":"Federica L."}]},{"@type":"WebSite","@id":"https:\/\/www.dimann.com\/fr\/#website","url":"https:\/\/www.dimann.com\/fr\/","name":"Dimann","description":"","publisher":{"@id":"https:\/\/www.dimann.com\/fr\/#organization"},"potentialAction":[{"@type":"SearchAction","target":{"@type":"EntryPoint","urlTemplate":"https:\/\/www.dimann.com\/fr\/?s={search_term_string}"},"query-input":{"@type":"PropertyValueSpecification","valueRequired":true,"valueName":"search_term_string"}}],"inLanguage":"fr-FR"},{"@type":"Organization","@id":"https:\/\/www.dimann.com\/fr\/#organization","name":"Dimann","url":"https:\/\/www.dimann.com\/fr\/","logo":{"@type":"ImageObject","inLanguage":"fr-FR","@id":"https:\/\/www.dimann.com\/fr\/#\/schema\/logo\/image\/","url":"https:\/\/www.dimann.com\/wp-content\/uploads\/2019\/07\/logo.svg","contentUrl":"https:\/\/www.dimann.com\/wp-content\/uploads\/2019\/07\/logo.svg","width":1,"height":1,"caption":"Dimann"},"image":{"@id":"https:\/\/www.dimann.com\/fr\/#\/schema\/logo\/image\/"},"sameAs":["https:\/\/www.facebook.com\/pg\/Dimann.cistite\/posts\/","https:\/\/www.instagram.com\/dimann_official\/"]}]}},"_links":{"self":[{"href":"https:\/\/www.dimann.com\/fr\/wp-json\/wp\/v2\/persona\/39854","targetHints":{"allow":["GET"]}}],"collection":[{"href":"https:\/\/www.dimann.com\/fr\/wp-json\/wp\/v2\/persona"}],"about":[{"href":"https:\/\/www.dimann.com\/fr\/wp-json\/wp\/v2\/types\/persona"}],"wp:featuredmedia":[{"embeddable":true,"href":"https:\/\/www.dimann.com\/fr\/wp-json\/wp\/v2\/media\/41409"}],"wp:attachment":[{"href":"https:\/\/www.dimann.com\/fr\/wp-json\/wp\/v2\/media?parent=39854"}],"wp:term":[{"taxonomy":"category","embeddable":true,"href":"https:\/\/www.dimann.com\/fr\/wp-json\/wp\/v2\/categories?post=39854"},{"taxonomy":"storia","embeddable":true,"href":"https:\/\/www.dimann.com\/fr\/wp-json\/wp\/v2\/storia?post=39854"}],"curies":[{"name":"wp","href":"https:\/\/api.w.org\/{rel}","templated":true}]}}

Témoignage de Federica L. sur la cystite post-coïtale

<p>Je souffre de cystite depuis de nombreuses années, au moins 10.<br />
Parmi les causes principales, il y a les rapports sexuels, une mauvaise lubrification et certainement une mauvaise hydratation, car j&rsquo;ai toujours bu très peu.</p>
<p><em>Les derniers épisodes de cystite ont été très forts, avec des pertes de sang et des frissons.</em></p>
<p>J&rsquo;ai tout essayé jusqu&rsquo;à ce que je découvre les produits <strong>Dimann, qui ont littéralement changé ma vie</strong>. J&rsquo;ai utilisé Dimann Puro pour la phase aiguë ! Aujourd&rsquo;hui, je prends toujours Dimann Puro dans la phase d&rsquo;entretien et dans les heures qui suivent le rapport sexuel, en appliquant toujours le lubrifiant Dimann Gel.<br />
<strong>Aujourd&rsquo;hui, la cystite n&rsquo;est plus qu&rsquo;un mauvais et lointain souvenir</strong>.</p>

<p>Cystite post-coïtale</p>

<!-- This site is optimized with the Yoast SEO plugin v27.5 - https://yoast.com/product/yoast-seo-wordpress/ -->
<title>Témoignage de Federica L. sur la cystite post-coïtale | Dimann</title>
<meta name="description" content="Dimann : le témoignage de Federica L., une cliente de 63 ans souffrant de cystite post-coïtale. Un commentaire sur votre expérience avec Dimann" />
<meta name="robots" content="index, follow, max-snippet:-1, max-image-preview:large, max-video-preview:-1" />
<link rel="canonical" href="https://www.dimann.com/fr/persona/federica-review-dimann/" />
<meta property="og:locale" content="fr_FR" />
<meta property="og:type" content="article" />
<meta property="og:title" content="Témoignage de Federica L. sur la cystite post-coïtale | Dimann" />
<meta property="og:description" content="Dimann : le témoignage de Federica L., une cliente de 63 ans souffrant de cystite post-coïtale. Un commentaire sur votre expérience avec Dimann" />
<meta property="og:url" content="https://www.dimann.com/fr/persona/federica-review-dimann/" />
<meta property="og:site_name" content="Dimann" />
<meta property="article:publisher" content="https://www.facebook.com/pg/Dimann.cistite/posts/" />
<meta property="article:modified_time" content="2024-05-14T15:41:14+00:00" />
<meta property="og:image" content="https://www.dimann.com/wp-content/uploads/2024/04/FRA-8.jpg" />
	<meta property="og:image:width" content="300" />
	<meta property="og:image:height" content="300" />
	<meta property="og:image:type" content="image/jpeg" />
<meta name="twitter:card" content="summary_large_image" />
<meta name="twitter:label1" content="Durée de lecture estimée" />
	<meta name="twitter:data1" content="1 minute" />
<!-- / Yoast SEO plugin. -->

Témoignage de Federica L. sur la cystite post-coïtale | Dimann

Dimann : le témoignage de Federica L., une cliente de 63 ans souffrant de cystite post-coïtale. Un commentaire sur votre expérience avec Dimann

Témoignage de Federica - Cystite à Escherichia Coli
