{"id":39866,"date":"2024-04-17T17:37:49","date_gmt":"2024-04-17T15:37:49","guid":{"rendered":"https:\/\/www.dimann.com\/persona\/elisa-review-dimann\/"},"modified":"2024-05-14T17:57:49","modified_gmt":"2024-05-14T15:57:49","slug":"elisa-review-dimann","status":"publish","type":"persona","link":"https:\/\/www.dimann.com\/fr\/persona\/elisa-review-dimann\/","title":{"rendered":"Elisa G. : cystite post-co\u00eftale, son t\u00e9moignage"},"content":{"rendered":"<p>J&rsquo;ai commenc\u00e9 \u00e0 souffrir de cystite il y a environ quatre ans ; j&rsquo;ai imm\u00e9diatement remarqu\u00e9 qu&rsquo;elle survenait environ 48 heures apr\u00e8s les rapports sexuels et j&rsquo;ai donc r\u00e9alis\u00e9 que je souffrais de cystite post-co\u00eftale.<br \/>\nElle se manifeste par une sensation de lourdeur dans la vessie et une vidange incompl\u00e8te, mais je n&rsquo;ai pratiquement jamais ressenti de br\u00fblures.<\/p>\n<p>En cherchant sur Internet, j&rsquo;ai trouv\u00e9 les produits de la gamme Dimann, avec lesquels <strong>j&rsquo;ai vraiment renvers\u00e9 le probl\u00e8me<\/strong>.<br \/>\nJ&rsquo;ai commenc\u00e9 \u00e0 utiliser le gel lubrifiant Dimann et \u00e0 prendre Dimann pure r\u00e9guli\u00e8rement apr\u00e8s les rapports sexuels.<\/p>\n<p>Bien qu&rsquo;il y ait eu quelques rechutes au cours des premiers mois,<strong> je me sens aujourd&rsquo;hui beaucoup mieux et je vis ma vie sexuelle avec plus de s\u00e9r\u00e9nit\u00e9<\/strong>. Je prends \u00e9galement Dimann tous les jours en pr\u00e9vention et en entretien et je suis tr\u00e8s curieuse d&rsquo;essayer la nouvelle tisane.<\/p>\n","protected":false},"excerpt":{"rendered":"<p>Cystite post-co\u00eftale<\/p>\n","protected":false},"featured_media":41469,"template":"","categories":[491],"storia":[],"class_list":["post-39866","persona","type-persona","status-publish","has-post-thumbnail","hentry","category-toutes-les-histoires"],"acf":[],"yoast_head":"<!-- This site is optimized with the Yoast SEO plugin v27.5 - https:\/\/yoast.com\/product\/yoast-seo-wordpress\/ -->\n<title>Elisa G. : cystite post-co\u00eftale, son t\u00e9moignage | Dimann<\/title>\n<meta name=\"description\" content=\"Dimann : le t\u00e9moignage d&#039;Elisan G., une cliente de 23 ans souffrant de cystite post-co\u00eftale. Un bilan de son exp\u00e9rience avec Dimann.\" \/>\n<meta name=\"robots\" content=\"index, follow, max-snippet:-1, max-image-preview:large, max-video-preview:-1\" \/>\n<link rel=\"canonical\" href=\"https:\/\/www.dimann.com\/fr\/persona\/elisa-review-dimann\/\" \/>\n<meta property=\"og:locale\" content=\"fr_FR\" \/>\n<meta property=\"og:type\" content=\"article\" \/>\n<meta property=\"og:title\" content=\"Elisa G. : cystite post-co\u00eftale, son t\u00e9moignage | Dimann\" \/>\n<meta property=\"og:description\" content=\"Dimann : le t\u00e9moignage d&#039;Elisan G., une cliente de 23 ans souffrant de cystite post-co\u00eftale. Un bilan de son exp\u00e9rience avec Dimann.\" \/>\n<meta property=\"og:url\" content=\"https:\/\/www.dimann.com\/fr\/persona\/elisa-review-dimann\/\" \/>\n<meta property=\"og:site_name\" content=\"Dimann\" \/>\n<meta property=\"article:publisher\" content=\"https:\/\/www.facebook.com\/pg\/Dimann.cistite\/posts\/\" \/>\n<meta property=\"article:modified_time\" content=\"2024-05-14T15:57:49+00:00\" \/>\n<meta property=\"og:image\" content=\"https:\/\/www.dimann.com\/wp-content\/uploads\/2024\/04\/FRA-1-2.jpg\" \/>\n\t<meta property=\"og:image:width\" content=\"300\" \/>\n\t<meta property=\"og:image:height\" content=\"300\" \/>\n\t<meta property=\"og:image:type\" content=\"image\/jpeg\" \/>\n<meta name=\"twitter:card\" content=\"summary_large_image\" \/>\n<meta name=\"twitter:label1\" content=\"Dur\u00e9e de lecture estim\u00e9e\" \/>\n\t<meta name=\"twitter:data1\" content=\"1 minute\" \/>\n<!-- \/ Yoast SEO plugin. -->","yoast_head_json":{"title":"Elisa G. : cystite post-co\u00eftale, son t\u00e9moignage | Dimann","description":"Dimann : le t\u00e9moignage d'Elisan G., une cliente de 23 ans souffrant de cystite post-co\u00eftale. Un bilan de son exp\u00e9rience avec Dimann.","robots":{"index":"index","follow":"follow","max-snippet":"max-snippet:-1","max-image-preview":"max-image-preview:large","max-video-preview":"max-video-preview:-1"},"canonical":"https:\/\/www.dimann.com\/fr\/persona\/elisa-review-dimann\/","og_locale":"fr_FR","og_type":"article","og_title":"Elisa G. : cystite post-co\u00eftale, son t\u00e9moignage | Dimann","og_description":"Dimann : le t\u00e9moignage d'Elisan G., une cliente de 23 ans souffrant de cystite post-co\u00eftale. Un bilan de son exp\u00e9rience avec Dimann.","og_url":"https:\/\/www.dimann.com\/fr\/persona\/elisa-review-dimann\/","og_site_name":"Dimann","article_publisher":"https:\/\/www.facebook.com\/pg\/Dimann.cistite\/posts\/","article_modified_time":"2024-05-14T15:57:49+00:00","og_image":[{"width":300,"height":300,"url":"https:\/\/www.dimann.com\/wp-content\/uploads\/2024\/04\/FRA-1-2.jpg","type":"image\/jpeg"}],"twitter_card":"summary_large_image","twitter_misc":{"Dur\u00e9e de lecture estim\u00e9e":"1 minute"},"schema":{"@context":"https:\/\/schema.org","@graph":[{"@type":"WebPage","@id":"https:\/\/www.dimann.com\/fr\/persona\/elisa-review-dimann\/","url":"https:\/\/www.dimann.com\/fr\/persona\/elisa-review-dimann\/","name":"Elisa G. : cystite post-co\u00eftale, son t\u00e9moignage | Dimann","isPartOf":{"@id":"https:\/\/www.dimann.com\/fr\/#website"},"primaryImageOfPage":{"@id":"https:\/\/www.dimann.com\/fr\/persona\/elisa-review-dimann\/#primaryimage"},"image":{"@id":"https:\/\/www.dimann.com\/fr\/persona\/elisa-review-dimann\/#primaryimage"},"thumbnailUrl":"https:\/\/www.dimann.com\/wp-content\/uploads\/2024\/04\/FRA-1-2.jpg","datePublished":"2024-04-17T15:37:49+00:00","dateModified":"2024-05-14T15:57:49+00:00","description":"Dimann : le t\u00e9moignage d'Elisan G., une cliente de 23 ans souffrant de cystite post-co\u00eftale. Un bilan de son exp\u00e9rience avec Dimann.","breadcrumb":{"@id":"https:\/\/www.dimann.com\/fr\/persona\/elisa-review-dimann\/#breadcrumb"},"inLanguage":"fr-FR","potentialAction":[{"@type":"ReadAction","target":["https:\/\/www.dimann.com\/fr\/persona\/elisa-review-dimann\/"]}]},{"@type":"ImageObject","inLanguage":"fr-FR","@id":"https:\/\/www.dimann.com\/fr\/persona\/elisa-review-dimann\/#primaryimage","url":"https:\/\/www.dimann.com\/wp-content\/uploads\/2024\/04\/FRA-1-2.jpg","contentUrl":"https:\/\/www.dimann.com\/wp-content\/uploads\/2024\/04\/FRA-1-2.jpg","width":300,"height":300,"caption":"T\u00e9moignage de Elisa - Cystite Post-Co\u00eftale"},{"@type":"BreadcrumbList","@id":"https:\/\/www.dimann.com\/fr\/persona\/elisa-review-dimann\/#breadcrumb","itemListElement":[{"@type":"ListItem","position":1,"name":"Storie","item":"https:\/\/www.dimann.com\/fr\/persona\/"},{"@type":"ListItem","position":2,"name":"Toutes les histoires","item":"https:\/\/www.dimann.com\/fr\/toutes-les-histoires\/"},{"@type":"ListItem","position":3,"name":"Elisa G."}]},{"@type":"WebSite","@id":"https:\/\/www.dimann.com\/fr\/#website","url":"https:\/\/www.dimann.com\/fr\/","name":"Dimann","description":"","publisher":{"@id":"https:\/\/www.dimann.com\/fr\/#organization"},"potentialAction":[{"@type":"SearchAction","target":{"@type":"EntryPoint","urlTemplate":"https:\/\/www.dimann.com\/fr\/?s={search_term_string}"},"query-input":{"@type":"PropertyValueSpecification","valueRequired":true,"valueName":"search_term_string"}}],"inLanguage":"fr-FR"},{"@type":"Organization","@id":"https:\/\/www.dimann.com\/fr\/#organization","name":"Dimann","url":"https:\/\/www.dimann.com\/fr\/","logo":{"@type":"ImageObject","inLanguage":"fr-FR","@id":"https:\/\/www.dimann.com\/fr\/#\/schema\/logo\/image\/","url":"https:\/\/www.dimann.com\/wp-content\/uploads\/2019\/07\/logo.svg","contentUrl":"https:\/\/www.dimann.com\/wp-content\/uploads\/2019\/07\/logo.svg","width":1,"height":1,"caption":"Dimann"},"image":{"@id":"https:\/\/www.dimann.com\/fr\/#\/schema\/logo\/image\/"},"sameAs":["https:\/\/www.facebook.com\/pg\/Dimann.cistite\/posts\/","https:\/\/www.instagram.com\/dimann_official\/"]}]}},"_links":{"self":[{"href":"https:\/\/www.dimann.com\/fr\/wp-json\/wp\/v2\/persona\/39866","targetHints":{"allow":["GET"]}}],"collection":[{"href":"https:\/\/www.dimann.com\/fr\/wp-json\/wp\/v2\/persona"}],"about":[{"href":"https:\/\/www.dimann.com\/fr\/wp-json\/wp\/v2\/types\/persona"}],"wp:featuredmedia":[{"embeddable":true,"href":"https:\/\/www.dimann.com\/fr\/wp-json\/wp\/v2\/media\/41469"}],"wp:attachment":[{"href":"https:\/\/www.dimann.com\/fr\/wp-json\/wp\/v2\/media?parent=39866"}],"wp:term":[{"taxonomy":"category","embeddable":true,"href":"https:\/\/www.dimann.com\/fr\/wp-json\/wp\/v2\/categories?post=39866"},{"taxonomy":"storia","embeddable":true,"href":"https:\/\/www.dimann.com\/fr\/wp-json\/wp\/v2\/storia?post=39866"}],"curies":[{"name":"wp","href":"https:\/\/api.w.org\/{rel}","templated":true}]}}

Elisa G. : cystite post-coïtale, son témoignage

<p>J&rsquo;ai commencé à souffrir de cystite il y a environ quatre ans ; j&rsquo;ai immédiatement remarqué qu&rsquo;elle survenait environ 48 heures après les rapports sexuels et j&rsquo;ai donc réalisé que je souffrais de cystite post-coïtale.<br />
Elle se manifeste par une sensation de lourdeur dans la vessie et une vidange incomplète, mais je n&rsquo;ai pratiquement jamais ressenti de brûlures.</p>
<p>En cherchant sur Internet, j&rsquo;ai trouvé les produits de la gamme Dimann, avec lesquels <strong>j&rsquo;ai vraiment renversé le problème</strong>.<br />
J&rsquo;ai commencé à utiliser le gel lubrifiant Dimann et à prendre Dimann pure régulièrement après les rapports sexuels.</p>
<p>Bien qu&rsquo;il y ait eu quelques rechutes au cours des premiers mois,<strong> je me sens aujourd&rsquo;hui beaucoup mieux et je vis ma vie sexuelle avec plus de sérénité</strong>. Je prends également Dimann tous les jours en prévention et en entretien et je suis très curieuse d&rsquo;essayer la nouvelle tisane.</p>

<p>Cystite post-coïtale</p>

<!-- This site is optimized with the Yoast SEO plugin v27.5 - https://yoast.com/product/yoast-seo-wordpress/ -->
<title>Elisa G. : cystite post-coïtale, son témoignage | Dimann</title>
<meta name="description" content="Dimann : le témoignage d&#039;Elisan G., une cliente de 23 ans souffrant de cystite post-coïtale. Un bilan de son expérience avec Dimann." />
<meta name="robots" content="index, follow, max-snippet:-1, max-image-preview:large, max-video-preview:-1" />
<link rel="canonical" href="https://www.dimann.com/fr/persona/elisa-review-dimann/" />
<meta property="og:locale" content="fr_FR" />
<meta property="og:type" content="article" />
<meta property="og:title" content="Elisa G. : cystite post-coïtale, son témoignage | Dimann" />
<meta property="og:description" content="Dimann : le témoignage d&#039;Elisan G., une cliente de 23 ans souffrant de cystite post-coïtale. Un bilan de son expérience avec Dimann." />
<meta property="og:url" content="https://www.dimann.com/fr/persona/elisa-review-dimann/" />
<meta property="og:site_name" content="Dimann" />
<meta property="article:publisher" content="https://www.facebook.com/pg/Dimann.cistite/posts/" />
<meta property="article:modified_time" content="2024-05-14T15:57:49+00:00" />
<meta property="og:image" content="https://www.dimann.com/wp-content/uploads/2024/04/FRA-1-2.jpg" />
	<meta property="og:image:width" content="300" />
	<meta property="og:image:height" content="300" />
	<meta property="og:image:type" content="image/jpeg" />
<meta name="twitter:card" content="summary_large_image" />
<meta name="twitter:label1" content="Durée de lecture estimée" />
	<meta name="twitter:data1" content="1 minute" />
<!-- / Yoast SEO plugin. -->

Elisa G. : cystite post-coïtale, son témoignage | Dimann

Dimann : le témoignage d'Elisan G., une cliente de 23 ans souffrant de cystite post-coïtale. Un bilan de son expérience avec Dimann.

Témoignage de Elisa - Cystite Post-Coïtale
