{"id":48056,"date":"2025-03-24T13:03:24","date_gmt":"2025-03-24T12:03:24","guid":{"rendered":"https:\/\/www.dimann.com\/persona\/carla\/"},"modified":"2025-04-23T13:18:05","modified_gmt":"2025-04-23T11:18:05","slug":"carla-recenzja-dimann","status":"publish","type":"persona","link":"https:\/\/www.dimann.com\/pl\/persona\/carla-recenzja-dimann\/","title":{"rendered":"Carla: menopauza, nawracaj\u0105ce ZUM i m\u00f3j rytua\u0142 Dimann"},"content":{"rendered":"<p class=\"p1\"><span class=\"s1\">Od pocz\u0105tku menopauzy moja pochwa nie jest ju\u017c taka sama. Bardzo ma\u0142o wydzieliny z pochwy, zmniejszona lubrykacja podczas stosunku i zmieniona flora bakteryjna pochwy, po ka\u017cdym stosunku dostawa\u0142am zapalenia p\u0119cherza.   <\/span><\/p>\n<p class=\"p1\"><span class=\"s1\">Nie mog\u0119 powiedzie\u0107, \u017ce dzi\u0119ki Dimann nie mam ju\u017c zapalenia p\u0119cherza, nawet obs\u0142uga klienta poinformowa\u0142a mnie, \u017ce nie znajd\u0119 magicznego lekarstwa. Mimo wszystko, smaruj\u0105c si\u0119 \u017celem Dimann i przyjmuj\u0105c Dimann Pure bezpo\u015brednio po stosunku, nawroty zapalenia p\u0119cherza znacznie si\u0119 zmniejszy\u0142y.   <\/span><\/p>\n<p class=\"p1\"><span class=\"s1\">Je\u015bli zaczynam odczuwa\u0107 jakiekolwiek objawy, natychmiast bior\u0119 Dimann Flogo. Aby wesprze\u0107 flor\u0119 bakteryjn\u0105 pochwy, znalaz\u0142am pomoc w Dimann Flor. <\/span><\/p>\n","protected":false},"excerpt":{"rendered":"<p>Poporodowe zapalenie p\u0119cherza moczowego<\/p>\n","protected":false},"featured_media":48063,"template":"","categories":[1090],"storia":[],"class_list":["post-48056","persona","type-persona","status-publish","has-post-thumbnail","hentry","category-wszystkie-historie"],"acf":[],"yoast_head":"<!-- This site is optimized with the Yoast SEO plugin v27.5 - https:\/\/yoast.com\/product\/yoast-seo-wordpress\/ -->\n<title>Carla: historia menopauzalnego zapalenia p\u0119cherza moczowego | Dimann<\/title>\n<meta name=\"description\" content=\"Menopauza i postkoitalne zapalenie p\u0119cherza moczowego. Carla osi\u0105ga rezultaty dzi\u0119ki produktom Dimann Line. Przeczytaj jej histori\u0119.\" \/>\n<meta name=\"robots\" content=\"index, follow, max-snippet:-1, max-image-preview:large, max-video-preview:-1\" \/>\n<link rel=\"canonical\" href=\"https:\/\/www.dimann.com\/pl\/persona\/carla-recenzja-dimann\/\" \/>\n<meta property=\"og:locale\" content=\"pl_PL\" \/>\n<meta property=\"og:type\" content=\"article\" \/>\n<meta property=\"og:title\" content=\"Carla: historia menopauzalnego zapalenia p\u0119cherza moczowego | Dimann\" \/>\n<meta property=\"og:description\" content=\"Menopauza i postkoitalne zapalenie p\u0119cherza moczowego. Carla osi\u0105ga rezultaty dzi\u0119ki produktom Dimann Line. Przeczytaj jej histori\u0119.\" \/>\n<meta property=\"og:url\" content=\"https:\/\/www.dimann.com\/pl\/persona\/carla-recenzja-dimann\/\" \/>\n<meta property=\"og:site_name\" content=\"Dimann\" \/>\n<meta property=\"article:publisher\" content=\"https:\/\/www.facebook.com\/pg\/Dimann.cistite\/posts\/\" \/>\n<meta property=\"article:modified_time\" content=\"2025-04-23T11:18:05+00:00\" \/>\n<meta property=\"og:image\" content=\"https:\/\/www.dimann.com\/wp-content\/uploads\/2019\/05\/16-1.png\" \/>\n\t<meta property=\"og:image:width\" content=\"384\" \/>\n\t<meta property=\"og:image:height\" content=\"384\" \/>\n\t<meta property=\"og:image:type\" content=\"image\/png\" \/>\n<meta name=\"twitter:card\" content=\"summary_large_image\" \/>\n<meta name=\"twitter:label1\" content=\"Szacowany czas czytania\" \/>\n\t<meta name=\"twitter:data1\" content=\"1 minuta\" \/>\n<!-- \/ Yoast SEO plugin. -->","yoast_head_json":{"title":"Carla: historia menopauzalnego zapalenia p\u0119cherza moczowego | Dimann","description":"Menopauza i postkoitalne zapalenie p\u0119cherza moczowego. Carla osi\u0105ga rezultaty dzi\u0119ki produktom Dimann Line. Przeczytaj jej histori\u0119.","robots":{"index":"index","follow":"follow","max-snippet":"max-snippet:-1","max-image-preview":"max-image-preview:large","max-video-preview":"max-video-preview:-1"},"canonical":"https:\/\/www.dimann.com\/pl\/persona\/carla-recenzja-dimann\/","og_locale":"pl_PL","og_type":"article","og_title":"Carla: historia menopauzalnego zapalenia p\u0119cherza moczowego | Dimann","og_description":"Menopauza i postkoitalne zapalenie p\u0119cherza moczowego. Carla osi\u0105ga rezultaty dzi\u0119ki produktom Dimann Line. Przeczytaj jej histori\u0119.","og_url":"https:\/\/www.dimann.com\/pl\/persona\/carla-recenzja-dimann\/","og_site_name":"Dimann","article_publisher":"https:\/\/www.facebook.com\/pg\/Dimann.cistite\/posts\/","article_modified_time":"2025-04-23T11:18:05+00:00","og_image":[{"width":384,"height":384,"url":"https:\/\/www.dimann.com\/wp-content\/uploads\/2019\/05\/16-1.png","type":"image\/png"}],"twitter_card":"summary_large_image","twitter_misc":{"Szacowany czas czytania":"1 minuta"},"schema":{"@context":"https:\/\/schema.org","@graph":[{"@type":"WebPage","@id":"https:\/\/www.dimann.com\/pl\/persona\/carla-recenzja-dimann\/","url":"https:\/\/www.dimann.com\/pl\/persona\/carla-recenzja-dimann\/","name":"Carla: historia menopauzalnego zapalenia p\u0119cherza moczowego | Dimann","isPartOf":{"@id":"https:\/\/www.dimann.com\/pl\/#website"},"primaryImageOfPage":{"@id":"https:\/\/www.dimann.com\/pl\/persona\/carla-recenzja-dimann\/#primaryimage"},"image":{"@id":"https:\/\/www.dimann.com\/pl\/persona\/carla-recenzja-dimann\/#primaryimage"},"thumbnailUrl":"https:\/\/www.dimann.com\/wp-content\/uploads\/2019\/05\/16-1.png","datePublished":"2025-03-24T12:03:24+00:00","dateModified":"2025-04-23T11:18:05+00:00","description":"Menopauza i postkoitalne zapalenie p\u0119cherza moczowego. Carla osi\u0105ga rezultaty dzi\u0119ki produktom Dimann Line. Przeczytaj jej histori\u0119.","breadcrumb":{"@id":"https:\/\/www.dimann.com\/pl\/persona\/carla-recenzja-dimann\/#breadcrumb"},"inLanguage":"pl-PL","potentialAction":[{"@type":"ReadAction","target":["https:\/\/www.dimann.com\/pl\/persona\/carla-recenzja-dimann\/"]}]},{"@type":"ImageObject","inLanguage":"pl-PL","@id":"https:\/\/www.dimann.com\/pl\/persona\/carla-recenzja-dimann\/#primaryimage","url":"https:\/\/www.dimann.com\/wp-content\/uploads\/2019\/05\/16-1.png","contentUrl":"https:\/\/www.dimann.com\/wp-content\/uploads\/2019\/05\/16-1.png","width":384,"height":384,"caption":"Testimonianza di Carla, che soffre di cistite post-coitale"},{"@type":"BreadcrumbList","@id":"https:\/\/www.dimann.com\/pl\/persona\/carla-recenzja-dimann\/#breadcrumb","itemListElement":[{"@type":"ListItem","position":1,"name":"Storie","item":"https:\/\/www.dimann.com\/pl\/persona\/"},{"@type":"ListItem","position":2,"name":"Wszystkie historie","item":"https:\/\/www.dimann.com\/pl\/wszystkie-historie\/"},{"@type":"ListItem","position":3,"name":"Carla"}]},{"@type":"WebSite","@id":"https:\/\/www.dimann.com\/pl\/#website","url":"https:\/\/www.dimann.com\/pl\/","name":"Dimann","description":"","publisher":{"@id":"https:\/\/www.dimann.com\/pl\/#organization"},"potentialAction":[{"@type":"SearchAction","target":{"@type":"EntryPoint","urlTemplate":"https:\/\/www.dimann.com\/pl\/?s={search_term_string}"},"query-input":{"@type":"PropertyValueSpecification","valueRequired":true,"valueName":"search_term_string"}}],"inLanguage":"pl-PL"},{"@type":"Organization","@id":"https:\/\/www.dimann.com\/pl\/#organization","name":"Dimann","url":"https:\/\/www.dimann.com\/pl\/","logo":{"@type":"ImageObject","inLanguage":"pl-PL","@id":"https:\/\/www.dimann.com\/pl\/#\/schema\/logo\/image\/","url":"https:\/\/www.dimann.com\/wp-content\/uploads\/2019\/07\/logo.svg","contentUrl":"https:\/\/www.dimann.com\/wp-content\/uploads\/2019\/07\/logo.svg","width":1,"height":1,"caption":"Dimann"},"image":{"@id":"https:\/\/www.dimann.com\/pl\/#\/schema\/logo\/image\/"},"sameAs":["https:\/\/www.facebook.com\/pg\/Dimann.cistite\/posts\/","https:\/\/www.instagram.com\/dimann_official\/"]}]}},"_links":{"self":[{"href":"https:\/\/www.dimann.com\/pl\/wp-json\/wp\/v2\/persona\/48056","targetHints":{"allow":["GET"]}}],"collection":[{"href":"https:\/\/www.dimann.com\/pl\/wp-json\/wp\/v2\/persona"}],"about":[{"href":"https:\/\/www.dimann.com\/pl\/wp-json\/wp\/v2\/types\/persona"}],"wp:featuredmedia":[{"embeddable":true,"href":"https:\/\/www.dimann.com\/pl\/wp-json\/wp\/v2\/media\/48063"}],"wp:attachment":[{"href":"https:\/\/www.dimann.com\/pl\/wp-json\/wp\/v2\/media?parent=48056"}],"wp:term":[{"taxonomy":"category","embeddable":true,"href":"https:\/\/www.dimann.com\/pl\/wp-json\/wp\/v2\/categories?post=48056"},{"taxonomy":"storia","embeddable":true,"href":"https:\/\/www.dimann.com\/pl\/wp-json\/wp\/v2\/storia?post=48056"}],"curies":[{"name":"wp","href":"https:\/\/api.w.org\/{rel}","templated":true}]}}

Carla: menopauza, nawracające ZUM i mój rytuał Dimann

<p class="p1"><span class="s1">Od początku menopauzy moja pochwa nie jest już taka sama. Bardzo mało wydzieliny z pochwy, zmniejszona lubrykacja podczas stosunku i zmieniona flora bakteryjna pochwy, po każdym stosunku dostawałam zapalenia pęcherza.   </span></p>
<p class="p1"><span class="s1">Nie mogę powiedzieć, że dzięki Dimann nie mam już zapalenia pęcherza, nawet obsługa klienta poinformowała mnie, że nie znajdę magicznego lekarstwa. Mimo wszystko, smarując się żelem Dimann i przyjmując Dimann Pure bezpośrednio po stosunku, nawroty zapalenia pęcherza znacznie się zmniejszyły.   </span></p>
<p class="p1"><span class="s1">Jeśli zaczynam odczuwać jakiekolwiek objawy, natychmiast biorę Dimann Flogo. Aby wesprzeć florę bakteryjną pochwy, znalazłam pomoc w Dimann Flor. </span></p>

<p>Poporodowe zapalenie pęcherza moczowego</p>

<!-- This site is optimized with the Yoast SEO plugin v27.5 - https://yoast.com/product/yoast-seo-wordpress/ -->
<title>Carla: historia menopauzalnego zapalenia pęcherza moczowego | Dimann</title>
<meta name="description" content="Menopauza i postkoitalne zapalenie pęcherza moczowego. Carla osiąga rezultaty dzięki produktom Dimann Line. Przeczytaj jej historię." />
<meta name="robots" content="index, follow, max-snippet:-1, max-image-preview:large, max-video-preview:-1" />
<link rel="canonical" href="https://www.dimann.com/pl/persona/carla-recenzja-dimann/" />
<meta property="og:locale" content="pl_PL" />
<meta property="og:type" content="article" />
<meta property="og:title" content="Carla: historia menopauzalnego zapalenia pęcherza moczowego | Dimann" />
<meta property="og:description" content="Menopauza i postkoitalne zapalenie pęcherza moczowego. Carla osiąga rezultaty dzięki produktom Dimann Line. Przeczytaj jej historię." />
<meta property="og:url" content="https://www.dimann.com/pl/persona/carla-recenzja-dimann/" />
<meta property="og:site_name" content="Dimann" />
<meta property="article:publisher" content="https://www.facebook.com/pg/Dimann.cistite/posts/" />
<meta property="article:modified_time" content="2025-04-23T11:18:05+00:00" />
<meta property="og:image" content="https://www.dimann.com/wp-content/uploads/2019/05/16-1.png" />
	<meta property="og:image:width" content="384" />
	<meta property="og:image:height" content="384" />
	<meta property="og:image:type" content="image/png" />
<meta name="twitter:card" content="summary_large_image" />
<meta name="twitter:label1" content="Szacowany czas czytania" />
	<meta name="twitter:data1" content="1 minuta" />
<!-- / Yoast SEO plugin. -->

Carla: historia menopauzalnego zapalenia pęcherza moczowego | Dimann

Menopauza i postkoitalne zapalenie pęcherza moczowego. Carla osiąga rezultaty dzięki produktom Dimann Line. Przeczytaj jej historię.
