{"id":48098,"date":"2025-03-24T13:03:45","date_gmt":"2025-03-24T12:03:45","guid":{"rendered":"https:\/\/www.dimann.com\/persona\/federica-recensione-dimann\/"},"modified":"2025-04-23T13:15:57","modified_gmt":"2025-04-23T11:15:57","slug":"federica-recenzja-dimann","status":"publish","type":"persona","link":"https:\/\/www.dimann.com\/pl\/persona\/federica-recenzja-dimann\/","title":{"rendered":"Federica L.: historia nawracaj\u0105cego zapalenia p\u0119cherza"},"content":{"rendered":"<p>Cierpi\u0119 na zapalenie p\u0119cherza moczowego od wielu lat, co najmniej 10.<br \/>\nW\u015br\u00f3d g\u0142\u00f3wnych przyczyn s\u0105 stosunki seksualne, s\u0142abe nawil\u017cenie i na pewno s\u0142abe nawodnienie, poniewa\u017c zawsze pi\u0142em bardzo ma\u0142o.<\/p>\n<p><em>Ostatnie epizody zapalenia p\u0119cherza by\u0142y bardzo silne, z utrat\u0105 krwi i zimnymi dreszczami.<\/em><\/p>\n<p>Pr\u00f3bowa\u0142em wszystkiego, a\u017c odkry\u0142em produkty Dimann <strong>, kt\u00f3re dos\u0142ownie zmieni\u0142y moje \u017cycie.<\/strong> U\u017cywa\u0142em Dimann Puro w fazie ostrej! Teraz zawsze bior\u0119 Dimann Puro w fazie podtrzymuj\u0105cej i w godzinach po stosunku, zawsze stosuj\u0105c nawil\u017caj\u0105cy Dimann Gel.<br \/>\n<strong>Dzi\u015b zapalenie p\u0119cherza moczowego jest tylko z\u0142ym i odleg\u0142ym wspomnieniem<\/strong>.<\/p>\n","protected":false},"excerpt":{"rendered":"<p>Pozawa\u0142owe zapalenie p\u0119cherza moczowego<\/p>\n","protected":false},"featured_media":48099,"template":"","categories":[1090],"storia":[],"class_list":["post-48098","persona","type-persona","status-publish","has-post-thumbnail","hentry","category-wszystkie-historie"],"acf":[],"yoast_head":"<!-- This site is optimized with the Yoast SEO plugin v27.5 - https:\/\/yoast.com\/product\/yoast-seo-wordpress\/ -->\n<title>Federica L.: historia nawracaj\u0105cego zapalenia p\u0119cherza | Dimann<\/title>\n<meta name=\"description\" content=\"Dimann: zeznania Federiki L., 63-letniej klientki cierpi\u0105cej na postkoitalne zapalenie p\u0119cherza moczowego. Przegl\u0105d jej do\u015bwiadcze\u0144 z Dimann\" \/>\n<meta name=\"robots\" content=\"index, follow, max-snippet:-1, max-image-preview:large, max-video-preview:-1\" \/>\n<link rel=\"canonical\" href=\"https:\/\/www.dimann.com\/pl\/persona\/federica-recenzja-dimann\/\" \/>\n<meta property=\"og:locale\" content=\"pl_PL\" \/>\n<meta property=\"og:type\" content=\"article\" \/>\n<meta property=\"og:title\" content=\"Federica L.: historia nawracaj\u0105cego zapalenia p\u0119cherza | Dimann\" \/>\n<meta property=\"og:description\" content=\"Dimann: zeznania Federiki L., 63-letniej klientki cierpi\u0105cej na postkoitalne zapalenie p\u0119cherza moczowego. Przegl\u0105d jej do\u015bwiadcze\u0144 z Dimann\" \/>\n<meta property=\"og:url\" content=\"https:\/\/www.dimann.com\/pl\/persona\/federica-recenzja-dimann\/\" \/>\n<meta property=\"og:site_name\" content=\"Dimann\" \/>\n<meta property=\"article:publisher\" content=\"https:\/\/www.facebook.com\/pg\/Dimann.cistite\/posts\/\" \/>\n<meta property=\"article:modified_time\" content=\"2025-04-23T11:15:57+00:00\" \/>\n<meta property=\"og:image\" content=\"https:\/\/www.dimann.com\/wp-content\/uploads\/2022\/03\/11.png\" \/>\n\t<meta property=\"og:image:width\" content=\"384\" \/>\n\t<meta property=\"og:image:height\" content=\"384\" \/>\n\t<meta property=\"og:image:type\" content=\"image\/png\" \/>\n<meta name=\"twitter:card\" content=\"summary_large_image\" \/>\n<meta name=\"twitter:label1\" content=\"Szacowany czas czytania\" \/>\n\t<meta name=\"twitter:data1\" content=\"1 minuta\" \/>\n<!-- \/ Yoast SEO plugin. -->","yoast_head_json":{"title":"Federica L.: historia nawracaj\u0105cego zapalenia p\u0119cherza | Dimann","description":"Dimann: zeznania Federiki L., 63-letniej klientki cierpi\u0105cej na postkoitalne zapalenie p\u0119cherza moczowego. Przegl\u0105d jej do\u015bwiadcze\u0144 z Dimann","robots":{"index":"index","follow":"follow","max-snippet":"max-snippet:-1","max-image-preview":"max-image-preview:large","max-video-preview":"max-video-preview:-1"},"canonical":"https:\/\/www.dimann.com\/pl\/persona\/federica-recenzja-dimann\/","og_locale":"pl_PL","og_type":"article","og_title":"Federica L.: historia nawracaj\u0105cego zapalenia p\u0119cherza | Dimann","og_description":"Dimann: zeznania Federiki L., 63-letniej klientki cierpi\u0105cej na postkoitalne zapalenie p\u0119cherza moczowego. Przegl\u0105d jej do\u015bwiadcze\u0144 z Dimann","og_url":"https:\/\/www.dimann.com\/pl\/persona\/federica-recenzja-dimann\/","og_site_name":"Dimann","article_publisher":"https:\/\/www.facebook.com\/pg\/Dimann.cistite\/posts\/","article_modified_time":"2025-04-23T11:15:57+00:00","og_image":[{"width":384,"height":384,"url":"https:\/\/www.dimann.com\/wp-content\/uploads\/2022\/03\/11.png","type":"image\/png"}],"twitter_card":"summary_large_image","twitter_misc":{"Szacowany czas czytania":"1 minuta"},"schema":{"@context":"https:\/\/schema.org","@graph":[{"@type":"WebPage","@id":"https:\/\/www.dimann.com\/pl\/persona\/federica-recenzja-dimann\/","url":"https:\/\/www.dimann.com\/pl\/persona\/federica-recenzja-dimann\/","name":"Federica L.: historia nawracaj\u0105cego zapalenia p\u0119cherza | Dimann","isPartOf":{"@id":"https:\/\/www.dimann.com\/pl\/#website"},"primaryImageOfPage":{"@id":"https:\/\/www.dimann.com\/pl\/persona\/federica-recenzja-dimann\/#primaryimage"},"image":{"@id":"https:\/\/www.dimann.com\/pl\/persona\/federica-recenzja-dimann\/#primaryimage"},"thumbnailUrl":"https:\/\/www.dimann.com\/wp-content\/uploads\/2022\/03\/11.png","datePublished":"2025-03-24T12:03:45+00:00","dateModified":"2025-04-23T11:15:57+00:00","description":"Dimann: zeznania Federiki L., 63-letniej klientki cierpi\u0105cej na postkoitalne zapalenie p\u0119cherza moczowego. Przegl\u0105d jej do\u015bwiadcze\u0144 z Dimann","breadcrumb":{"@id":"https:\/\/www.dimann.com\/pl\/persona\/federica-recenzja-dimann\/#breadcrumb"},"inLanguage":"pl-PL","potentialAction":[{"@type":"ReadAction","target":["https:\/\/www.dimann.com\/pl\/persona\/federica-recenzja-dimann\/"]}]},{"@type":"ImageObject","inLanguage":"pl-PL","@id":"https:\/\/www.dimann.com\/pl\/persona\/federica-recenzja-dimann\/#primaryimage","url":"https:\/\/www.dimann.com\/wp-content\/uploads\/2022\/03\/11.png","contentUrl":"https:\/\/www.dimann.com\/wp-content\/uploads\/2022\/03\/11.png","width":384,"height":384,"caption":"Testimonianza di Federica L. che soffre di cistite post-coitale"},{"@type":"BreadcrumbList","@id":"https:\/\/www.dimann.com\/pl\/persona\/federica-recenzja-dimann\/#breadcrumb","itemListElement":[{"@type":"ListItem","position":1,"name":"Storie","item":"https:\/\/www.dimann.com\/pl\/persona\/"},{"@type":"ListItem","position":2,"name":"Wszystkie historie","item":"https:\/\/www.dimann.com\/pl\/wszystkie-historie\/"},{"@type":"ListItem","position":3,"name":"Federica L."}]},{"@type":"WebSite","@id":"https:\/\/www.dimann.com\/pl\/#website","url":"https:\/\/www.dimann.com\/pl\/","name":"Dimann","description":"","publisher":{"@id":"https:\/\/www.dimann.com\/pl\/#organization"},"potentialAction":[{"@type":"SearchAction","target":{"@type":"EntryPoint","urlTemplate":"https:\/\/www.dimann.com\/pl\/?s={search_term_string}"},"query-input":{"@type":"PropertyValueSpecification","valueRequired":true,"valueName":"search_term_string"}}],"inLanguage":"pl-PL"},{"@type":"Organization","@id":"https:\/\/www.dimann.com\/pl\/#organization","name":"Dimann","url":"https:\/\/www.dimann.com\/pl\/","logo":{"@type":"ImageObject","inLanguage":"pl-PL","@id":"https:\/\/www.dimann.com\/pl\/#\/schema\/logo\/image\/","url":"https:\/\/www.dimann.com\/wp-content\/uploads\/2019\/07\/logo.svg","contentUrl":"https:\/\/www.dimann.com\/wp-content\/uploads\/2019\/07\/logo.svg","width":1,"height":1,"caption":"Dimann"},"image":{"@id":"https:\/\/www.dimann.com\/pl\/#\/schema\/logo\/image\/"},"sameAs":["https:\/\/www.facebook.com\/pg\/Dimann.cistite\/posts\/","https:\/\/www.instagram.com\/dimann_official\/"]}]}},"_links":{"self":[{"href":"https:\/\/www.dimann.com\/pl\/wp-json\/wp\/v2\/persona\/48098","targetHints":{"allow":["GET"]}}],"collection":[{"href":"https:\/\/www.dimann.com\/pl\/wp-json\/wp\/v2\/persona"}],"about":[{"href":"https:\/\/www.dimann.com\/pl\/wp-json\/wp\/v2\/types\/persona"}],"wp:featuredmedia":[{"embeddable":true,"href":"https:\/\/www.dimann.com\/pl\/wp-json\/wp\/v2\/media\/48099"}],"wp:attachment":[{"href":"https:\/\/www.dimann.com\/pl\/wp-json\/wp\/v2\/media?parent=48098"}],"wp:term":[{"taxonomy":"category","embeddable":true,"href":"https:\/\/www.dimann.com\/pl\/wp-json\/wp\/v2\/categories?post=48098"},{"taxonomy":"storia","embeddable":true,"href":"https:\/\/www.dimann.com\/pl\/wp-json\/wp\/v2\/storia?post=48098"}],"curies":[{"name":"wp","href":"https:\/\/api.w.org\/{rel}","templated":true}]}}

Federica L.: historia nawracającego zapalenia pęcherza

<p>Cierpię na zapalenie pęcherza moczowego od wielu lat, co najmniej 10.<br />
Wśród głównych przyczyn są stosunki seksualne, słabe nawilżenie i na pewno słabe nawodnienie, ponieważ zawsze piłem bardzo mało.</p>
<p><em>Ostatnie epizody zapalenia pęcherza były bardzo silne, z utratą krwi i zimnymi dreszczami.</em></p>
<p>Próbowałem wszystkiego, aż odkryłem produkty Dimann <strong>, które dosłownie zmieniły moje życie.</strong> Używałem Dimann Puro w fazie ostrej! Teraz zawsze biorę Dimann Puro w fazie podtrzymującej i w godzinach po stosunku, zawsze stosując nawilżający Dimann Gel.<br />
<strong>Dziś zapalenie pęcherza moczowego jest tylko złym i odległym wspomnieniem</strong>.</p>

<p>Pozawałowe zapalenie pęcherza moczowego</p>

<!-- This site is optimized with the Yoast SEO plugin v27.5 - https://yoast.com/product/yoast-seo-wordpress/ -->
<title>Federica L.: historia nawracającego zapalenia pęcherza | Dimann</title>
<meta name="description" content="Dimann: zeznania Federiki L., 63-letniej klientki cierpiącej na postkoitalne zapalenie pęcherza moczowego. Przegląd jej doświadczeń z Dimann" />
<meta name="robots" content="index, follow, max-snippet:-1, max-image-preview:large, max-video-preview:-1" />
<link rel="canonical" href="https://www.dimann.com/pl/persona/federica-recenzja-dimann/" />
<meta property="og:locale" content="pl_PL" />
<meta property="og:type" content="article" />
<meta property="og:title" content="Federica L.: historia nawracającego zapalenia pęcherza | Dimann" />
<meta property="og:description" content="Dimann: zeznania Federiki L., 63-letniej klientki cierpiącej na postkoitalne zapalenie pęcherza moczowego. Przegląd jej doświadczeń z Dimann" />
<meta property="og:url" content="https://www.dimann.com/pl/persona/federica-recenzja-dimann/" />
<meta property="og:site_name" content="Dimann" />
<meta property="article:publisher" content="https://www.facebook.com/pg/Dimann.cistite/posts/" />
<meta property="article:modified_time" content="2025-04-23T11:15:57+00:00" />
<meta property="og:image" content="https://www.dimann.com/wp-content/uploads/2022/03/11.png" />
	<meta property="og:image:width" content="384" />
	<meta property="og:image:height" content="384" />
	<meta property="og:image:type" content="image/png" />
<meta name="twitter:card" content="summary_large_image" />
<meta name="twitter:label1" content="Szacowany czas czytania" />
	<meta name="twitter:data1" content="1 minuta" />
<!-- / Yoast SEO plugin. -->

Federica L.: historia nawracającego zapalenia pęcherza | Dimann

Dimann: zeznania Federiki L., 63-letniej klientki cierpiącej na postkoitalne zapalenie pęcherza moczowego. Przegląd jej doświadczeń z Dimann
