{"id":48134,"date":"2025-03-24T13:03:48","date_gmt":"2025-03-24T12:03:48","guid":{"rendered":"https:\/\/www.dimann.com\/persona\/elisa-recensione-dimann\/"},"modified":"2025-04-23T13:15:29","modified_gmt":"2025-04-23T11:15:29","slug":"elisa-recenzja-dimann","status":"publish","type":"persona","link":"https:\/\/www.dimann.com\/pl\/persona\/elisa-recenzja-dimann\/","title":{"rendered":"Elisa G.: moja historia zapalenia p\u0119cherza po stosunku"},"content":{"rendered":"<p>Zacz\u0119\u0142am cierpie\u0107 na zapalenie p\u0119cherza oko\u0142o czterech lat temu; od razu zauwa\u017cy\u0142am, \u017ce wyst\u0119puje ono oko\u0142o 48 godzin po stosunku i dlatego zda\u0142am sobie spraw\u0119, \u017ce cierpi\u0119 na postkoitalne zapalenie p\u0119cherza.<br \/>\nObjawia\u0142o si\u0119 to uczuciem ci\u0119\u017cko\u015bci w p\u0119cherzu i niepe\u0142nym opr\u00f3\u017cnianiem, ale prawie nigdy nie czu\u0142am pieczenia.<\/p>\n<p>Szukaj\u0105c w Internecie, znalaz\u0142em lini\u0119 produkt\u00f3w Dimann, dzi\u0119ki kt\u00f3rym <strong>naprawd\u0119 odwr\u00f3ci\u0142em ten problem<\/strong>.<br \/>\nZacz\u0105\u0142em u\u017cywa\u0107 \u017celu nawil\u017caj\u0105cego Dimann i regularnie przyjmowa\u0107 Dimann pure po stosunku.<\/p>\n<p>Chocia\u017c w pierwszych miesi\u0105cach zdarza\u0142y si\u0119 nawroty,<strong> dzi\u015b czuj\u0119 si\u0119 znacznie lepiej i prowadz\u0119 spokojniejsze \u017cycie seksualne<\/strong>. Codziennie za\u017cywam r\u00f3wnie\u017c Dimann w celach profilaktycznych i podtrzymuj\u0105cych i jestem bardzo ciekawa wypr\u00f3bowania nowej herbaty zio\u0142owej. <\/p>\n","protected":false},"excerpt":{"rendered":"<p>Pozawa\u0142owe zapalenie p\u0119cherza moczowego<\/p>\n","protected":false},"featured_media":48138,"template":"","categories":[1090],"storia":[],"class_list":["post-48134","persona","type-persona","status-publish","has-post-thumbnail","hentry","category-wszystkie-historie"],"acf":[],"yoast_head":"<!-- This site is optimized with the Yoast SEO plugin v27.5 - https:\/\/yoast.com\/product\/yoast-seo-wordpress\/ -->\n<title>Elisa G.: moja historia zapalenia p\u0119cherza po stosunku | Dimann<\/title>\n<meta name=\"description\" content=\"Dimann: zeznania Elisan G., 23-letniej klientki cierpi\u0105cej na postkoitalne zapalenie p\u0119cherza moczowego. Przegl\u0105d jej do\u015bwiadcze\u0144 z Dimann.\" \/>\n<meta name=\"robots\" content=\"index, follow, max-snippet:-1, max-image-preview:large, max-video-preview:-1\" \/>\n<link rel=\"canonical\" href=\"https:\/\/www.dimann.com\/pl\/persona\/elisa-recenzja-dimann\/\" \/>\n<meta property=\"og:locale\" content=\"pl_PL\" \/>\n<meta property=\"og:type\" content=\"article\" \/>\n<meta property=\"og:title\" content=\"Elisa G.: moja historia zapalenia p\u0119cherza po stosunku | Dimann\" \/>\n<meta property=\"og:description\" content=\"Dimann: zeznania Elisan G., 23-letniej klientki cierpi\u0105cej na postkoitalne zapalenie p\u0119cherza moczowego. Przegl\u0105d jej do\u015bwiadcze\u0144 z Dimann.\" \/>\n<meta property=\"og:url\" content=\"https:\/\/www.dimann.com\/pl\/persona\/elisa-recenzja-dimann\/\" \/>\n<meta property=\"og:site_name\" content=\"Dimann\" \/>\n<meta property=\"article:publisher\" content=\"https:\/\/www.facebook.com\/pg\/Dimann.cistite\/posts\/\" \/>\n<meta property=\"article:modified_time\" content=\"2025-04-23T11:15:29+00:00\" \/>\n<meta property=\"og:image\" content=\"https:\/\/www.dimann.com\/wp-content\/uploads\/2022\/03\/25.png\" \/>\n\t<meta property=\"og:image:width\" content=\"384\" \/>\n\t<meta property=\"og:image:height\" content=\"384\" \/>\n\t<meta property=\"og:image:type\" content=\"image\/png\" \/>\n<meta name=\"twitter:card\" content=\"summary_large_image\" \/>\n<meta name=\"twitter:label1\" content=\"Szacowany czas czytania\" \/>\n\t<meta name=\"twitter:data1\" content=\"1 minuta\" \/>\n<!-- \/ Yoast SEO plugin. -->","yoast_head_json":{"title":"Elisa G.: moja historia zapalenia p\u0119cherza po stosunku | Dimann","description":"Dimann: zeznania Elisan G., 23-letniej klientki cierpi\u0105cej na postkoitalne zapalenie p\u0119cherza moczowego. Przegl\u0105d jej do\u015bwiadcze\u0144 z Dimann.","robots":{"index":"index","follow":"follow","max-snippet":"max-snippet:-1","max-image-preview":"max-image-preview:large","max-video-preview":"max-video-preview:-1"},"canonical":"https:\/\/www.dimann.com\/pl\/persona\/elisa-recenzja-dimann\/","og_locale":"pl_PL","og_type":"article","og_title":"Elisa G.: moja historia zapalenia p\u0119cherza po stosunku | Dimann","og_description":"Dimann: zeznania Elisan G., 23-letniej klientki cierpi\u0105cej na postkoitalne zapalenie p\u0119cherza moczowego. Przegl\u0105d jej do\u015bwiadcze\u0144 z Dimann.","og_url":"https:\/\/www.dimann.com\/pl\/persona\/elisa-recenzja-dimann\/","og_site_name":"Dimann","article_publisher":"https:\/\/www.facebook.com\/pg\/Dimann.cistite\/posts\/","article_modified_time":"2025-04-23T11:15:29+00:00","og_image":[{"width":384,"height":384,"url":"https:\/\/www.dimann.com\/wp-content\/uploads\/2022\/03\/25.png","type":"image\/png"}],"twitter_card":"summary_large_image","twitter_misc":{"Szacowany czas czytania":"1 minuta"},"schema":{"@context":"https:\/\/schema.org","@graph":[{"@type":"WebPage","@id":"https:\/\/www.dimann.com\/pl\/persona\/elisa-recenzja-dimann\/","url":"https:\/\/www.dimann.com\/pl\/persona\/elisa-recenzja-dimann\/","name":"Elisa G.: moja historia zapalenia p\u0119cherza po stosunku | Dimann","isPartOf":{"@id":"https:\/\/www.dimann.com\/pl\/#website"},"primaryImageOfPage":{"@id":"https:\/\/www.dimann.com\/pl\/persona\/elisa-recenzja-dimann\/#primaryimage"},"image":{"@id":"https:\/\/www.dimann.com\/pl\/persona\/elisa-recenzja-dimann\/#primaryimage"},"thumbnailUrl":"https:\/\/www.dimann.com\/wp-content\/uploads\/2022\/03\/25.png","datePublished":"2025-03-24T12:03:48+00:00","dateModified":"2025-04-23T11:15:29+00:00","description":"Dimann: zeznania Elisan G., 23-letniej klientki cierpi\u0105cej na postkoitalne zapalenie p\u0119cherza moczowego. Przegl\u0105d jej do\u015bwiadcze\u0144 z Dimann.","breadcrumb":{"@id":"https:\/\/www.dimann.com\/pl\/persona\/elisa-recenzja-dimann\/#breadcrumb"},"inLanguage":"pl-PL","potentialAction":[{"@type":"ReadAction","target":["https:\/\/www.dimann.com\/pl\/persona\/elisa-recenzja-dimann\/"]}]},{"@type":"ImageObject","inLanguage":"pl-PL","@id":"https:\/\/www.dimann.com\/pl\/persona\/elisa-recenzja-dimann\/#primaryimage","url":"https:\/\/www.dimann.com\/wp-content\/uploads\/2022\/03\/25.png","contentUrl":"https:\/\/www.dimann.com\/wp-content\/uploads\/2022\/03\/25.png","width":384,"height":384,"caption":"Testimonianza di Elisa, che soffre di cistite post-coitale"},{"@type":"BreadcrumbList","@id":"https:\/\/www.dimann.com\/pl\/persona\/elisa-recenzja-dimann\/#breadcrumb","itemListElement":[{"@type":"ListItem","position":1,"name":"Storie","item":"https:\/\/www.dimann.com\/pl\/persona\/"},{"@type":"ListItem","position":2,"name":"Wszystkie historie","item":"https:\/\/www.dimann.com\/pl\/wszystkie-historie\/"},{"@type":"ListItem","position":3,"name":"Elisa G."}]},{"@type":"WebSite","@id":"https:\/\/www.dimann.com\/pl\/#website","url":"https:\/\/www.dimann.com\/pl\/","name":"Dimann","description":"","publisher":{"@id":"https:\/\/www.dimann.com\/pl\/#organization"},"potentialAction":[{"@type":"SearchAction","target":{"@type":"EntryPoint","urlTemplate":"https:\/\/www.dimann.com\/pl\/?s={search_term_string}"},"query-input":{"@type":"PropertyValueSpecification","valueRequired":true,"valueName":"search_term_string"}}],"inLanguage":"pl-PL"},{"@type":"Organization","@id":"https:\/\/www.dimann.com\/pl\/#organization","name":"Dimann","url":"https:\/\/www.dimann.com\/pl\/","logo":{"@type":"ImageObject","inLanguage":"pl-PL","@id":"https:\/\/www.dimann.com\/pl\/#\/schema\/logo\/image\/","url":"https:\/\/www.dimann.com\/wp-content\/uploads\/2019\/07\/logo.svg","contentUrl":"https:\/\/www.dimann.com\/wp-content\/uploads\/2019\/07\/logo.svg","width":1,"height":1,"caption":"Dimann"},"image":{"@id":"https:\/\/www.dimann.com\/pl\/#\/schema\/logo\/image\/"},"sameAs":["https:\/\/www.facebook.com\/pg\/Dimann.cistite\/posts\/","https:\/\/www.instagram.com\/dimann_official\/"]}]}},"_links":{"self":[{"href":"https:\/\/www.dimann.com\/pl\/wp-json\/wp\/v2\/persona\/48134","targetHints":{"allow":["GET"]}}],"collection":[{"href":"https:\/\/www.dimann.com\/pl\/wp-json\/wp\/v2\/persona"}],"about":[{"href":"https:\/\/www.dimann.com\/pl\/wp-json\/wp\/v2\/types\/persona"}],"wp:featuredmedia":[{"embeddable":true,"href":"https:\/\/www.dimann.com\/pl\/wp-json\/wp\/v2\/media\/48138"}],"wp:attachment":[{"href":"https:\/\/www.dimann.com\/pl\/wp-json\/wp\/v2\/media?parent=48134"}],"wp:term":[{"taxonomy":"category","embeddable":true,"href":"https:\/\/www.dimann.com\/pl\/wp-json\/wp\/v2\/categories?post=48134"},{"taxonomy":"storia","embeddable":true,"href":"https:\/\/www.dimann.com\/pl\/wp-json\/wp\/v2\/storia?post=48134"}],"curies":[{"name":"wp","href":"https:\/\/api.w.org\/{rel}","templated":true}]}}

Elisa G.: moja historia zapalenia pęcherza po stosunku

<p>Zaczęłam cierpieć na zapalenie pęcherza około czterech lat temu; od razu zauważyłam, że występuje ono około 48 godzin po stosunku i dlatego zdałam sobie sprawę, że cierpię na postkoitalne zapalenie pęcherza.<br />
Objawiało się to uczuciem ciężkości w pęcherzu i niepełnym opróżnianiem, ale prawie nigdy nie czułam pieczenia.</p>
<p>Szukając w Internecie, znalazłem linię produktów Dimann, dzięki którym <strong>naprawdę odwróciłem ten problem</strong>.<br />
Zacząłem używać żelu nawilżającego Dimann i regularnie przyjmować Dimann pure po stosunku.</p>
<p>Chociaż w pierwszych miesiącach zdarzały się nawroty,<strong> dziś czuję się znacznie lepiej i prowadzę spokojniejsze życie seksualne</strong>. Codziennie zażywam również Dimann w celach profilaktycznych i podtrzymujących i jestem bardzo ciekawa wypróbowania nowej herbaty ziołowej. </p>

<p>Pozawałowe zapalenie pęcherza moczowego</p>

<!-- This site is optimized with the Yoast SEO plugin v27.5 - https://yoast.com/product/yoast-seo-wordpress/ -->
<title>Elisa G.: moja historia zapalenia pęcherza po stosunku | Dimann</title>
<meta name="description" content="Dimann: zeznania Elisan G., 23-letniej klientki cierpiącej na postkoitalne zapalenie pęcherza moczowego. Przegląd jej doświadczeń z Dimann." />
<meta name="robots" content="index, follow, max-snippet:-1, max-image-preview:large, max-video-preview:-1" />
<link rel="canonical" href="https://www.dimann.com/pl/persona/elisa-recenzja-dimann/" />
<meta property="og:locale" content="pl_PL" />
<meta property="og:type" content="article" />
<meta property="og:title" content="Elisa G.: moja historia zapalenia pęcherza po stosunku | Dimann" />
<meta property="og:description" content="Dimann: zeznania Elisan G., 23-letniej klientki cierpiącej na postkoitalne zapalenie pęcherza moczowego. Przegląd jej doświadczeń z Dimann." />
<meta property="og:url" content="https://www.dimann.com/pl/persona/elisa-recenzja-dimann/" />
<meta property="og:site_name" content="Dimann" />
<meta property="article:publisher" content="https://www.facebook.com/pg/Dimann.cistite/posts/" />
<meta property="article:modified_time" content="2025-04-23T11:15:29+00:00" />
<meta property="og:image" content="https://www.dimann.com/wp-content/uploads/2022/03/25.png" />
	<meta property="og:image:width" content="384" />
	<meta property="og:image:height" content="384" />
	<meta property="og:image:type" content="image/png" />
<meta name="twitter:card" content="summary_large_image" />
<meta name="twitter:label1" content="Szacowany czas czytania" />
	<meta name="twitter:data1" content="1 minuta" />
<!-- / Yoast SEO plugin. -->

Elisa G.: moja historia zapalenia pęcherza po stosunku | Dimann

Dimann: zeznania Elisan G., 23-letniej klientki cierpiącej na postkoitalne zapalenie pęcherza moczowego. Przegląd jej doświadczeń z Dimann.
