{"id":51186,"date":"2025-04-11T09:18:27","date_gmt":"2025-04-11T07:18:27","guid":{"rendered":"https:\/\/www.dimann.com\/persona\/benedetta-recensione-dimann\/"},"modified":"2025-05-13T15:14:32","modified_gmt":"2025-05-13T13:14:32","slug":"benedetta-recension-dimann","status":"publish","type":"persona","link":"https:\/\/www.dimann.com\/sv\/persona\/benedetta-recension-dimann\/","title":{"rendered":"Benedetta C.: min resa med postkoital cystit och st\u00f6d"},"content":{"rendered":"<p>Jag har lidit av cystit i 25 \u00e5r. En mardr\u00f6m.<br \/>\nN\u00e4rmare best\u00e4mt lider jag av postcoital cystit. Faktum \u00e4r att jag efter varje samlag, efter 24-36 timmar, alltid k\u00e4nner sv\u00e5r sm\u00e4rta, sveda vid urinering, sm\u00e4rtor och en n\u00e5lsticksliknande k\u00e4nsla i urinbl\u00e5san. En riktig mardr\u00f6m.   <\/p>\n<p>Jag har anv\u00e4nt Dimann-produkter sedan f\u00f6rra v\u00e5ren: det kompletta kit som \u00e4r utformat f\u00f6r cystit efter coital. Det \u00e4r en <strong>utomordentlig allierad f\u00f6r att h\u00e5lla detta fula monster<\/strong> i <strong>schack<\/strong>! F\u00f6r att inte tala om Francescas v\u00e4nlighet, som aldrig har l\u00e4mnat mig ensam. <\/p>\n<p>Nu l\u00e4ngtar jag efter att f\u00e5 prova Dimanns nya \u00f6rtte!<br \/>\nTack s\u00e5 mycket fr\u00e5n djupet av mitt hj\u00e4rta.<\/p>\n","protected":false},"excerpt":{"rendered":"<p>Post-coital cystit<\/p>\n","protected":false},"featured_media":51189,"template":"","categories":[1167],"storia":[],"class_list":["post-51186","persona","type-persona","status-publish","has-post-thumbnail","hentry","category-alla-berattelser"],"acf":[],"yoast_head":"<!-- This site is optimized with the Yoast SEO plugin v27.5 - https:\/\/yoast.com\/product\/yoast-seo-wordpress\/ -->\n<title>Benedetta C.: min resa med postkoital cystit och st\u00f6d | Dimann<\/title>\n<meta name=\"description\" content=\"Dimann: vittnesm\u00e5l fr\u00e5n Benedetta C., en 43-\u00e5rig kund som lider av cystit efter samlag. En genomg\u00e5ng av hennes upplevelse av Dimann.\" \/>\n<meta name=\"robots\" content=\"index, follow, max-snippet:-1, max-image-preview:large, max-video-preview:-1\" \/>\n<link rel=\"canonical\" href=\"https:\/\/www.dimann.com\/sv\/persona\/benedetta-recension-dimann\/\" \/>\n<meta property=\"og:locale\" content=\"sv_SE\" \/>\n<meta property=\"og:type\" content=\"article\" \/>\n<meta property=\"og:title\" content=\"Benedetta C.: min resa med postkoital cystit och st\u00f6d | Dimann\" \/>\n<meta property=\"og:description\" content=\"Dimann: vittnesm\u00e5l fr\u00e5n Benedetta C., en 43-\u00e5rig kund som lider av cystit efter samlag. En genomg\u00e5ng av hennes upplevelse av Dimann.\" \/>\n<meta property=\"og:url\" content=\"https:\/\/www.dimann.com\/sv\/persona\/benedetta-recension-dimann\/\" \/>\n<meta property=\"og:site_name\" content=\"Dimann\" \/>\n<meta property=\"article:publisher\" content=\"https:\/\/www.facebook.com\/pg\/Dimann.cistite\/posts\/\" \/>\n<meta property=\"article:modified_time\" content=\"2025-05-13T13:14:32+00:00\" \/>\n<meta property=\"og:image\" content=\"https:\/\/www.dimann.com\/wp-content\/uploads\/2022\/03\/7-1.png\" \/>\n\t<meta property=\"og:image:width\" content=\"384\" \/>\n\t<meta property=\"og:image:height\" content=\"384\" \/>\n\t<meta property=\"og:image:type\" content=\"image\/png\" \/>\n<meta name=\"twitter:card\" content=\"summary_large_image\" \/>\n<meta name=\"twitter:label1\" content=\"Ber\u00e4knad l\u00e4stid\" \/>\n\t<meta name=\"twitter:data1\" content=\"1 minut\" \/>\n<!-- \/ Yoast SEO plugin. -->","yoast_head_json":{"title":"Benedetta C.: min resa med postkoital cystit och st\u00f6d | Dimann","description":"Dimann: vittnesm\u00e5l fr\u00e5n Benedetta C., en 43-\u00e5rig kund som lider av cystit efter samlag. En genomg\u00e5ng av hennes upplevelse av Dimann.","robots":{"index":"index","follow":"follow","max-snippet":"max-snippet:-1","max-image-preview":"max-image-preview:large","max-video-preview":"max-video-preview:-1"},"canonical":"https:\/\/www.dimann.com\/sv\/persona\/benedetta-recension-dimann\/","og_locale":"sv_SE","og_type":"article","og_title":"Benedetta C.: min resa med postkoital cystit och st\u00f6d | Dimann","og_description":"Dimann: vittnesm\u00e5l fr\u00e5n Benedetta C., en 43-\u00e5rig kund som lider av cystit efter samlag. En genomg\u00e5ng av hennes upplevelse av Dimann.","og_url":"https:\/\/www.dimann.com\/sv\/persona\/benedetta-recension-dimann\/","og_site_name":"Dimann","article_publisher":"https:\/\/www.facebook.com\/pg\/Dimann.cistite\/posts\/","article_modified_time":"2025-05-13T13:14:32+00:00","og_image":[{"width":384,"height":384,"url":"https:\/\/www.dimann.com\/wp-content\/uploads\/2022\/03\/7-1.png","type":"image\/png"}],"twitter_card":"summary_large_image","twitter_misc":{"Ber\u00e4knad l\u00e4stid":"1 minut"},"schema":{"@context":"https:\/\/schema.org","@graph":[{"@type":"WebPage","@id":"https:\/\/www.dimann.com\/sv\/persona\/benedetta-recension-dimann\/","url":"https:\/\/www.dimann.com\/sv\/persona\/benedetta-recension-dimann\/","name":"Benedetta C.: min resa med postkoital cystit och st\u00f6d | Dimann","isPartOf":{"@id":"https:\/\/www.dimann.com\/sv\/#website"},"primaryImageOfPage":{"@id":"https:\/\/www.dimann.com\/sv\/persona\/benedetta-recension-dimann\/#primaryimage"},"image":{"@id":"https:\/\/www.dimann.com\/sv\/persona\/benedetta-recension-dimann\/#primaryimage"},"thumbnailUrl":"https:\/\/www.dimann.com\/wp-content\/uploads\/2022\/03\/7-1.png","datePublished":"2025-04-11T07:18:27+00:00","dateModified":"2025-05-13T13:14:32+00:00","description":"Dimann: vittnesm\u00e5l fr\u00e5n Benedetta C., en 43-\u00e5rig kund som lider av cystit efter samlag. En genomg\u00e5ng av hennes upplevelse av Dimann.","breadcrumb":{"@id":"https:\/\/www.dimann.com\/sv\/persona\/benedetta-recension-dimann\/#breadcrumb"},"inLanguage":"sv-SE","potentialAction":[{"@type":"ReadAction","target":["https:\/\/www.dimann.com\/sv\/persona\/benedetta-recension-dimann\/"]}]},{"@type":"ImageObject","inLanguage":"sv-SE","@id":"https:\/\/www.dimann.com\/sv\/persona\/benedetta-recension-dimann\/#primaryimage","url":"https:\/\/www.dimann.com\/wp-content\/uploads\/2022\/03\/7-1.png","contentUrl":"https:\/\/www.dimann.com\/wp-content\/uploads\/2022\/03\/7-1.png","width":384,"height":384,"caption":"Testimonianza di Benedetta C. che soffre di cistite post-coitale"},{"@type":"BreadcrumbList","@id":"https:\/\/www.dimann.com\/sv\/persona\/benedetta-recension-dimann\/#breadcrumb","itemListElement":[{"@type":"ListItem","position":1,"name":"Storie","item":"https:\/\/www.dimann.com\/sv\/persona\/"},{"@type":"ListItem","position":2,"name":"Alla ber\u00e4ttelser","item":"https:\/\/www.dimann.com\/sv\/alla-berattelser\/"},{"@type":"ListItem","position":3,"name":"Benedetta C."}]},{"@type":"WebSite","@id":"https:\/\/www.dimann.com\/sv\/#website","url":"https:\/\/www.dimann.com\/sv\/","name":"Dimann","description":"","publisher":{"@id":"https:\/\/www.dimann.com\/sv\/#organization"},"potentialAction":[{"@type":"SearchAction","target":{"@type":"EntryPoint","urlTemplate":"https:\/\/www.dimann.com\/sv\/?s={search_term_string}"},"query-input":{"@type":"PropertyValueSpecification","valueRequired":true,"valueName":"search_term_string"}}],"inLanguage":"sv-SE"},{"@type":"Organization","@id":"https:\/\/www.dimann.com\/sv\/#organization","name":"Dimann","url":"https:\/\/www.dimann.com\/sv\/","logo":{"@type":"ImageObject","inLanguage":"sv-SE","@id":"https:\/\/www.dimann.com\/sv\/#\/schema\/logo\/image\/","url":"https:\/\/www.dimann.com\/wp-content\/uploads\/2019\/07\/logo.svg","contentUrl":"https:\/\/www.dimann.com\/wp-content\/uploads\/2019\/07\/logo.svg","width":1,"height":1,"caption":"Dimann"},"image":{"@id":"https:\/\/www.dimann.com\/sv\/#\/schema\/logo\/image\/"},"sameAs":["https:\/\/www.facebook.com\/pg\/Dimann.cistite\/posts\/","https:\/\/www.instagram.com\/dimann_official\/"]}]}},"_links":{"self":[{"href":"https:\/\/www.dimann.com\/sv\/wp-json\/wp\/v2\/persona\/51186","targetHints":{"allow":["GET"]}}],"collection":[{"href":"https:\/\/www.dimann.com\/sv\/wp-json\/wp\/v2\/persona"}],"about":[{"href":"https:\/\/www.dimann.com\/sv\/wp-json\/wp\/v2\/types\/persona"}],"wp:featuredmedia":[{"embeddable":true,"href":"https:\/\/www.dimann.com\/sv\/wp-json\/wp\/v2\/media\/51189"}],"wp:attachment":[{"href":"https:\/\/www.dimann.com\/sv\/wp-json\/wp\/v2\/media?parent=51186"}],"wp:term":[{"taxonomy":"category","embeddable":true,"href":"https:\/\/www.dimann.com\/sv\/wp-json\/wp\/v2\/categories?post=51186"},{"taxonomy":"storia","embeddable":true,"href":"https:\/\/www.dimann.com\/sv\/wp-json\/wp\/v2\/storia?post=51186"}],"curies":[{"name":"wp","href":"https:\/\/api.w.org\/{rel}","templated":true}]}}

Benedetta C.: min resa med postkoital cystit och stöd

<p>Jag har lidit av cystit i 25 år. En mardröm.<br />
Närmare bestämt lider jag av postcoital cystit. Faktum är att jag efter varje samlag, efter 24-36 timmar, alltid känner svår smärta, sveda vid urinering, smärtor och en nålsticksliknande känsla i urinblåsan. En riktig mardröm.   </p>
<p>Jag har använt Dimann-produkter sedan förra våren: det kompletta kit som är utformat för cystit efter coital. Det är en <strong>utomordentlig allierad för att hålla detta fula monster</strong> i <strong>schack</strong>! För att inte tala om Francescas vänlighet, som aldrig har lämnat mig ensam. </p>
<p>Nu längtar jag efter att få prova Dimanns nya örtte!<br />
Tack så mycket från djupet av mitt hjärta.</p>

<!-- This site is optimized with the Yoast SEO plugin v27.5 - https://yoast.com/product/yoast-seo-wordpress/ -->
<title>Benedetta C.: min resa med postkoital cystit och stöd | Dimann</title>
<meta name="description" content="Dimann: vittnesmål från Benedetta C., en 43-årig kund som lider av cystit efter samlag. En genomgång av hennes upplevelse av Dimann." />
<meta name="robots" content="index, follow, max-snippet:-1, max-image-preview:large, max-video-preview:-1" />
<link rel="canonical" href="https://www.dimann.com/sv/persona/benedetta-recension-dimann/" />
<meta property="og:locale" content="sv_SE" />
<meta property="og:type" content="article" />
<meta property="og:title" content="Benedetta C.: min resa med postkoital cystit och stöd | Dimann" />
<meta property="og:description" content="Dimann: vittnesmål från Benedetta C., en 43-årig kund som lider av cystit efter samlag. En genomgång av hennes upplevelse av Dimann." />
<meta property="og:url" content="https://www.dimann.com/sv/persona/benedetta-recension-dimann/" />
<meta property="og:site_name" content="Dimann" />
<meta property="article:publisher" content="https://www.facebook.com/pg/Dimann.cistite/posts/" />
<meta property="article:modified_time" content="2025-05-13T13:14:32+00:00" />
<meta property="og:image" content="https://www.dimann.com/wp-content/uploads/2022/03/7-1.png" />
	<meta property="og:image:width" content="384" />
	<meta property="og:image:height" content="384" />
	<meta property="og:image:type" content="image/png" />
<meta name="twitter:card" content="summary_large_image" />
<meta name="twitter:label1" content="Beräknad lästid" />
	<meta name="twitter:data1" content="1 minut" />
<!-- / Yoast SEO plugin. -->

Benedetta C.: min resa med postkoital cystit och stöd | Dimann

Dimann: vittnesmål från Benedetta C., en 43-årig kund som lider av cystit efter samlag. En genomgång av hennes upplevelse av Dimann.

Alla berättelser
