{"id":51187,"date":"2025-04-11T09:18:28","date_gmt":"2025-04-11T07:18:28","guid":{"rendered":"https:\/\/www.dimann.com\/persona\/elisa-recensione-dimann\/"},"modified":"2025-05-13T15:13:29","modified_gmt":"2025-05-13T13:13:29","slug":"elisa-recension-dimann","status":"publish","type":"persona","link":"https:\/\/www.dimann.com\/sv\/persona\/elisa-recension-dimann\/","title":{"rendered":"Elisa G: bl\u00e5skatarr efter samlag, min erfarenhet"},"content":{"rendered":"<p>Jag b\u00f6rjade f\u00e5 bl\u00e5skatarr f\u00f6r cirka fyra \u00e5r sedan och m\u00e4rkte direkt att det kom cirka 48 timmar efter samlag och f\u00f6rstod d\u00e4rf\u00f6r att jag led av postcoital bl\u00e5skatarr.<br \/>\nDet yttrade sig som en tyngdk\u00e4nsla i bl\u00e5san och ofullst\u00e4ndig t\u00f6mning, men jag k\u00e4nde n\u00e4stan aldrig n\u00e5gon sveda.<\/p>\n<p>N\u00e4r jag s\u00f6kte p\u00e5 internet hittade jag Dimann-produktlinjen, med vilken <strong>jag verkligen v\u00e4nde detta problem<\/strong>.<br \/>\nJag b\u00f6rjade anv\u00e4nda Dimann sm\u00f6rjgel och ta Dimann pure regelbundet efter samlag.<\/p>\n<p>\u00c4ven om det fanns n\u00e5gra \u00e5terfall under de f\u00f6rsta m\u00e5naderna,<strong> k\u00e4nner jag mig idag mycket b\u00e4ttre och lever mitt sexliv med mer lugn<\/strong>. Jag tar ocks\u00e5 Dimann dagligen f\u00f6r f\u00f6rebyggande och underh\u00e5ll och jag \u00e4r mycket nyfiken p\u00e5 att prova det nya \u00f6rtteet. <\/p>\n","protected":false},"excerpt":{"rendered":"<p>Post-coital cystit<\/p>\n","protected":false},"featured_media":51194,"template":"","categories":[1167],"storia":[],"class_list":["post-51187","persona","type-persona","status-publish","has-post-thumbnail","hentry","category-alla-berattelser"],"acf":[],"yoast_head":"<!-- This site is optimized with the Yoast SEO plugin v27.5 - https:\/\/yoast.com\/product\/yoast-seo-wordpress\/ -->\n<title>Elisa G: bl\u00e5skatarr efter samlag, min erfarenhet | Dimann<\/title>\n<meta name=\"description\" content=\"Dimann: vittnesm\u00e5l fr\u00e5n Elisan G., en 23-\u00e5rig klient som lider av cystit efter samlag. En genomg\u00e5ng av hennes erfarenhet av Dimann.\" \/>\n<meta name=\"robots\" content=\"index, follow, max-snippet:-1, max-image-preview:large, max-video-preview:-1\" \/>\n<link rel=\"canonical\" href=\"https:\/\/www.dimann.com\/sv\/persona\/elisa-recension-dimann\/\" \/>\n<meta property=\"og:locale\" content=\"sv_SE\" \/>\n<meta property=\"og:type\" content=\"article\" \/>\n<meta property=\"og:title\" content=\"Elisa G: bl\u00e5skatarr efter samlag, min erfarenhet | Dimann\" \/>\n<meta property=\"og:description\" content=\"Dimann: vittnesm\u00e5l fr\u00e5n Elisan G., en 23-\u00e5rig klient som lider av cystit efter samlag. En genomg\u00e5ng av hennes erfarenhet av Dimann.\" \/>\n<meta property=\"og:url\" content=\"https:\/\/www.dimann.com\/sv\/persona\/elisa-recension-dimann\/\" \/>\n<meta property=\"og:site_name\" content=\"Dimann\" \/>\n<meta property=\"article:publisher\" content=\"https:\/\/www.facebook.com\/pg\/Dimann.cistite\/posts\/\" \/>\n<meta property=\"article:modified_time\" content=\"2025-05-13T13:13:29+00:00\" \/>\n<meta property=\"og:image\" content=\"https:\/\/www.dimann.com\/wp-content\/uploads\/2022\/03\/25.png\" \/>\n\t<meta property=\"og:image:width\" content=\"384\" \/>\n\t<meta property=\"og:image:height\" content=\"384\" \/>\n\t<meta property=\"og:image:type\" content=\"image\/png\" \/>\n<meta name=\"twitter:card\" content=\"summary_large_image\" \/>\n<meta name=\"twitter:label1\" content=\"Ber\u00e4knad l\u00e4stid\" \/>\n\t<meta name=\"twitter:data1\" content=\"1 minut\" \/>\n<!-- \/ Yoast SEO plugin. -->","yoast_head_json":{"title":"Elisa G: bl\u00e5skatarr efter samlag, min erfarenhet | Dimann","description":"Dimann: vittnesm\u00e5l fr\u00e5n Elisan G., en 23-\u00e5rig klient som lider av cystit efter samlag. En genomg\u00e5ng av hennes erfarenhet av Dimann.","robots":{"index":"index","follow":"follow","max-snippet":"max-snippet:-1","max-image-preview":"max-image-preview:large","max-video-preview":"max-video-preview:-1"},"canonical":"https:\/\/www.dimann.com\/sv\/persona\/elisa-recension-dimann\/","og_locale":"sv_SE","og_type":"article","og_title":"Elisa G: bl\u00e5skatarr efter samlag, min erfarenhet | Dimann","og_description":"Dimann: vittnesm\u00e5l fr\u00e5n Elisan G., en 23-\u00e5rig klient som lider av cystit efter samlag. En genomg\u00e5ng av hennes erfarenhet av Dimann.","og_url":"https:\/\/www.dimann.com\/sv\/persona\/elisa-recension-dimann\/","og_site_name":"Dimann","article_publisher":"https:\/\/www.facebook.com\/pg\/Dimann.cistite\/posts\/","article_modified_time":"2025-05-13T13:13:29+00:00","og_image":[{"width":384,"height":384,"url":"https:\/\/www.dimann.com\/wp-content\/uploads\/2022\/03\/25.png","type":"image\/png"}],"twitter_card":"summary_large_image","twitter_misc":{"Ber\u00e4knad l\u00e4stid":"1 minut"},"schema":{"@context":"https:\/\/schema.org","@graph":[{"@type":"WebPage","@id":"https:\/\/www.dimann.com\/sv\/persona\/elisa-recension-dimann\/","url":"https:\/\/www.dimann.com\/sv\/persona\/elisa-recension-dimann\/","name":"Elisa G: bl\u00e5skatarr efter samlag, min erfarenhet | Dimann","isPartOf":{"@id":"https:\/\/www.dimann.com\/sv\/#website"},"primaryImageOfPage":{"@id":"https:\/\/www.dimann.com\/sv\/persona\/elisa-recension-dimann\/#primaryimage"},"image":{"@id":"https:\/\/www.dimann.com\/sv\/persona\/elisa-recension-dimann\/#primaryimage"},"thumbnailUrl":"https:\/\/www.dimann.com\/wp-content\/uploads\/2022\/03\/25.png","datePublished":"2025-04-11T07:18:28+00:00","dateModified":"2025-05-13T13:13:29+00:00","description":"Dimann: vittnesm\u00e5l fr\u00e5n Elisan G., en 23-\u00e5rig klient som lider av cystit efter samlag. En genomg\u00e5ng av hennes erfarenhet av Dimann.","breadcrumb":{"@id":"https:\/\/www.dimann.com\/sv\/persona\/elisa-recension-dimann\/#breadcrumb"},"inLanguage":"sv-SE","potentialAction":[{"@type":"ReadAction","target":["https:\/\/www.dimann.com\/sv\/persona\/elisa-recension-dimann\/"]}]},{"@type":"ImageObject","inLanguage":"sv-SE","@id":"https:\/\/www.dimann.com\/sv\/persona\/elisa-recension-dimann\/#primaryimage","url":"https:\/\/www.dimann.com\/wp-content\/uploads\/2022\/03\/25.png","contentUrl":"https:\/\/www.dimann.com\/wp-content\/uploads\/2022\/03\/25.png","width":384,"height":384,"caption":"Testimonianza di Elisa, che soffre di cistite post-coitale"},{"@type":"BreadcrumbList","@id":"https:\/\/www.dimann.com\/sv\/persona\/elisa-recension-dimann\/#breadcrumb","itemListElement":[{"@type":"ListItem","position":1,"name":"Storie","item":"https:\/\/www.dimann.com\/sv\/persona\/"},{"@type":"ListItem","position":2,"name":"Alla ber\u00e4ttelser","item":"https:\/\/www.dimann.com\/sv\/alla-berattelser\/"},{"@type":"ListItem","position":3,"name":"Elisa G."}]},{"@type":"WebSite","@id":"https:\/\/www.dimann.com\/sv\/#website","url":"https:\/\/www.dimann.com\/sv\/","name":"Dimann","description":"","publisher":{"@id":"https:\/\/www.dimann.com\/sv\/#organization"},"potentialAction":[{"@type":"SearchAction","target":{"@type":"EntryPoint","urlTemplate":"https:\/\/www.dimann.com\/sv\/?s={search_term_string}"},"query-input":{"@type":"PropertyValueSpecification","valueRequired":true,"valueName":"search_term_string"}}],"inLanguage":"sv-SE"},{"@type":"Organization","@id":"https:\/\/www.dimann.com\/sv\/#organization","name":"Dimann","url":"https:\/\/www.dimann.com\/sv\/","logo":{"@type":"ImageObject","inLanguage":"sv-SE","@id":"https:\/\/www.dimann.com\/sv\/#\/schema\/logo\/image\/","url":"https:\/\/www.dimann.com\/wp-content\/uploads\/2019\/07\/logo.svg","contentUrl":"https:\/\/www.dimann.com\/wp-content\/uploads\/2019\/07\/logo.svg","width":1,"height":1,"caption":"Dimann"},"image":{"@id":"https:\/\/www.dimann.com\/sv\/#\/schema\/logo\/image\/"},"sameAs":["https:\/\/www.facebook.com\/pg\/Dimann.cistite\/posts\/","https:\/\/www.instagram.com\/dimann_official\/"]}]}},"_links":{"self":[{"href":"https:\/\/www.dimann.com\/sv\/wp-json\/wp\/v2\/persona\/51187","targetHints":{"allow":["GET"]}}],"collection":[{"href":"https:\/\/www.dimann.com\/sv\/wp-json\/wp\/v2\/persona"}],"about":[{"href":"https:\/\/www.dimann.com\/sv\/wp-json\/wp\/v2\/types\/persona"}],"wp:featuredmedia":[{"embeddable":true,"href":"https:\/\/www.dimann.com\/sv\/wp-json\/wp\/v2\/media\/51194"}],"wp:attachment":[{"href":"https:\/\/www.dimann.com\/sv\/wp-json\/wp\/v2\/media?parent=51187"}],"wp:term":[{"taxonomy":"category","embeddable":true,"href":"https:\/\/www.dimann.com\/sv\/wp-json\/wp\/v2\/categories?post=51187"},{"taxonomy":"storia","embeddable":true,"href":"https:\/\/www.dimann.com\/sv\/wp-json\/wp\/v2\/storia?post=51187"}],"curies":[{"name":"wp","href":"https:\/\/api.w.org\/{rel}","templated":true}]}}

Elisa G: blåskatarr efter samlag, min erfarenhet

<p>Jag började få blåskatarr för cirka fyra år sedan och märkte direkt att det kom cirka 48 timmar efter samlag och förstod därför att jag led av postcoital blåskatarr.<br />
Det yttrade sig som en tyngdkänsla i blåsan och ofullständig tömning, men jag kände nästan aldrig någon sveda.</p>
<p>När jag sökte på internet hittade jag Dimann-produktlinjen, med vilken <strong>jag verkligen vände detta problem</strong>.<br />
Jag började använda Dimann smörjgel och ta Dimann pure regelbundet efter samlag.</p>
<p>Även om det fanns några återfall under de första månaderna,<strong> känner jag mig idag mycket bättre och lever mitt sexliv med mer lugn</strong>. Jag tar också Dimann dagligen för förebyggande och underhåll och jag är mycket nyfiken på att prova det nya örtteet. </p>

<!-- This site is optimized with the Yoast SEO plugin v27.5 - https://yoast.com/product/yoast-seo-wordpress/ -->
<title>Elisa G: blåskatarr efter samlag, min erfarenhet | Dimann</title>
<meta name="description" content="Dimann: vittnesmål från Elisan G., en 23-årig klient som lider av cystit efter samlag. En genomgång av hennes erfarenhet av Dimann." />
<meta name="robots" content="index, follow, max-snippet:-1, max-image-preview:large, max-video-preview:-1" />
<link rel="canonical" href="https://www.dimann.com/sv/persona/elisa-recension-dimann/" />
<meta property="og:locale" content="sv_SE" />
<meta property="og:type" content="article" />
<meta property="og:title" content="Elisa G: blåskatarr efter samlag, min erfarenhet | Dimann" />
<meta property="og:description" content="Dimann: vittnesmål från Elisan G., en 23-årig klient som lider av cystit efter samlag. En genomgång av hennes erfarenhet av Dimann." />
<meta property="og:url" content="https://www.dimann.com/sv/persona/elisa-recension-dimann/" />
<meta property="og:site_name" content="Dimann" />
<meta property="article:publisher" content="https://www.facebook.com/pg/Dimann.cistite/posts/" />
<meta property="article:modified_time" content="2025-05-13T13:13:29+00:00" />
<meta property="og:image" content="https://www.dimann.com/wp-content/uploads/2022/03/25.png" />
	<meta property="og:image:width" content="384" />
	<meta property="og:image:height" content="384" />
	<meta property="og:image:type" content="image/png" />
<meta name="twitter:card" content="summary_large_image" />
<meta name="twitter:label1" content="Beräknad lästid" />
	<meta name="twitter:data1" content="1 minut" />
<!-- / Yoast SEO plugin. -->

Elisa G: blåskatarr efter samlag, min erfarenhet | Dimann

Dimann: vittnesmål från Elisan G., en 23-årig klient som lider av cystit efter samlag. En genomgång av hennes erfarenhet av Dimann.

Alla berättelser
